{"id":779,"date":"2024-11-19T12:41:07","date_gmt":"2024-11-19T11:41:07","guid":{"rendered":"https:\/\/www.chateaucarqueiranne.com\/?page_id=779"},"modified":"2025-11-10T12:43:25","modified_gmt":"2025-11-10T11:43:25","slug":"portraits","status":"publish","type":"page","link":"https:\/\/www.chateaucarqueiranne.com\/index.php\/portraits\/","title":{"rendered":"PORTRAITS"},"content":{"rendered":"\n<div class=\"wp-block-buttons is-content-justification-right is-layout-flex wp-container-core-buttons-is-layout-d445cf74 wp-block-buttons-is-layout-flex\">\n<div class=\"wp-block-button is-style-outline is-style-outline--1\"><a class=\"wp-block-button__link wp-element-button\" href=\"https:\/\/www.chateaucarqueiranne.com\/index.php\/en\/team-portraits\/\">EN \ud83c\uddfa\ud83c\uddf8<\/a><\/div>\n\n\n\n<div class=\"wp-block-button is-style-outline is-style-outline--2\"><a class=\"wp-block-button__link wp-element-button\" href=\"https:\/\/www.chateaucarqueiranne.com\/index.php\/mannschaft-de\/\">DE \ud83c\udde9\ud83c\uddea<\/a><\/div>\n<\/div>\n\n\n\n<h2 class=\"wp-block-heading has-text-align-center\" style=\"font-size:2.8rem\">Portraits d&rsquo;\u00e9quipe<\/h2>\n\n\n\n\n\n<p class=\"has-text-align-center\"><strong>Au Ch\u00e2teau Carqueiranne, chaque membre de notre \u00e9quipe contribue \u00e0 faire vivre ce lieu unique gr\u00e2ce \u00e0 son expertise, sa passion et son engagement. D\u00e9couvrez les parcours inspirants de celles et ceux qui travaillent chaque jour \u00e0 valoriser le domaine et \u00e0 \u00e9crire son histoire. <\/strong><\/p>\n\n\n\n\n\n<figure class=\"wp-block-image size-full is-resized\"><img loading=\"lazy\" decoding=\"async\" width=\"1050\" height=\"650\" src=\"https:\/\/www.chateaucarqueiranne.com\/wp-content\/uploads\/2024\/11\/Design-sans-titre-9-2.png\" alt=\"\" class=\"wp-image-788\" style=\"width:628px;height:auto\" srcset=\"https:\/\/www.chateaucarqueiranne.com\/wp-content\/uploads\/2024\/11\/Design-sans-titre-9-2.png 1050w, https:\/\/www.chateaucarqueiranne.com\/wp-content\/uploads\/2024\/11\/Design-sans-titre-9-2-300x186.png 300w, https:\/\/www.chateaucarqueiranne.com\/wp-content\/uploads\/2024\/11\/Design-sans-titre-9-2-1024x634.png 1024w, https:\/\/www.chateaucarqueiranne.com\/wp-content\/uploads\/2024\/11\/Design-sans-titre-9-2-768x475.png 768w\" sizes=\"(max-width: 1050px) 100vw, 1050px\" \/><\/figure>\n\n\n\n<h2 class=\"wp-block-heading has-medium-font-size\"><span style=\"font-family: Raleway;font-weight: 400\" class=\"kubio-has-inline-font-family-weight\"><strong>Faites connaissance avec Laurent, notre Chef de Culture au Ch\u00e2teau Carqueiranne.<\/strong><\/span><\/h2>\n\n\n\n<p>Apr\u00e8s une carri\u00e8re de 12 ans dans l\u2019arm\u00e9e, Laurent s\u2019est reconverti dans le monde agricole en obtenant un Brevet Professionnel de Responsable d\u2019Exploitation Agricole, sp\u00e9cialis\u00e9 en viticulture et \u0153nologie. Passionn\u00e9 par la culture de la vigne, Laurent \u00e0 rejoint en janvier 2024 le Ch\u00e2teau Carqueiranne. <\/p>\n\n\n\n<p>En tant que Chef de Culture, Laurent supervise la gestion technique et administrative de l\u2019exploitation. Il prend en charge l\u2019ensemble des activit\u00e9s li\u00e9es \u00e0 la polyculture, depuis le choix des traitements pour les vignes jusqu\u2019\u00e0 la gestion du personnel. <\/p>\n\n\n\n<p>Ce qui l\u2019a attir\u00e9 au Ch\u00e2teau Carqueiranne ? Le d\u00e9fi de taille \u00e0 relever. Le projet ambitieux de r\u00e9novation du domaine lui permet de mettre \u00e0 profit son savoir-faire dans un cadre unique, aux c\u00f4t\u00e9s d\u2019une \u00e9quipe soud\u00e9e. <\/p>\n\n\n\n<p>Amoureux de la mer, Laurent pratique des sports nautiques, profitant pleinement des beaut\u00e9s naturelles de la r\u00e9gion. <\/p>\n\n\n\n<p>Merci Laurent pour ton expertise au sein de l\u2019\u00e9quipe !<\/p>\n\n\n\n\n\n<figure class=\"wp-block-image size-full\"><img loading=\"lazy\" decoding=\"async\" width=\"1050\" height=\"650\" src=\"https:\/\/www.chateaucarqueiranne.com\/wp-content\/uploads\/2024\/11\/Design-sans-titre-10-1.png\" alt=\"\" class=\"wp-image-789\" srcset=\"https:\/\/www.chateaucarqueiranne.com\/wp-content\/uploads\/2024\/11\/Design-sans-titre-10-1.png 1050w, https:\/\/www.chateaucarqueiranne.com\/wp-content\/uploads\/2024\/11\/Design-sans-titre-10-1-300x186.png 300w, https:\/\/www.chateaucarqueiranne.com\/wp-content\/uploads\/2024\/11\/Design-sans-titre-10-1-1024x634.png 1024w, https:\/\/www.chateaucarqueiranne.com\/wp-content\/uploads\/2024\/11\/Design-sans-titre-10-1-768x475.png 768w\" sizes=\"(max-width: 1050px) 100vw, 1050px\" \/><\/figure>\n\n\n\n<h2 class=\"wp-block-heading has-medium-font-size\"><strong>Rencontrez H\u00e9l\u00e8ne, notre Responsable Production au Ch\u00e2teau Carqueiranne<\/strong>.<\/h2>\n\n\n\n<p>N\u00e9e en r\u00e9gion parisienne et ayant grandi en Savoie, H\u00e9l\u00e8ne s\u2019est install\u00e9e \u00e0 Carqueiranne il y a 20 ans.<\/p>\n\n\n\n<p>Amoureuse de la nature et passionn\u00e9e de sport, elle profite de la vie en plein air dans cette r\u00e9gion, dont elle est profond\u00e9ment attach\u00e9e. <\/p>\n\n\n\n<p>Avant de rejoindre le Ch\u00e2teau en 2023,&nbsp; H\u00e9l\u00e8ne a travaill\u00e9 dans le mara\u00eechage, apr\u00e8s une carri\u00e8re de 15 ans dans la restauration. Aujourd&rsquo;hui, elle met \u00e0 profit son exp\u00e9rience dans le secteur agricole et \u00e9v\u00e9nementiel en contribuant \u00e0 l\u2019organisation d\u2019\u00e9v\u00e9nements et en participant \u00e0 l\u2019entretien des vignes.<\/p>\n\n\n\n<p>Merci H\u00e9l\u00e8ne pour ton dynamisme et ta polyvalence au sein de l\u2019\u00e9quipe !&nbsp;<\/p>\n\n\n\n\n\n<figure class=\"wp-block-image size-full\"><img loading=\"lazy\" decoding=\"async\" width=\"1050\" height=\"650\" src=\"https:\/\/www.chateaucarqueiranne.com\/wp-content\/uploads\/2024\/11\/Design-sans-titre-11-1.png\" alt=\"\" class=\"wp-image-790\" srcset=\"https:\/\/www.chateaucarqueiranne.com\/wp-content\/uploads\/2024\/11\/Design-sans-titre-11-1.png 1050w, https:\/\/www.chateaucarqueiranne.com\/wp-content\/uploads\/2024\/11\/Design-sans-titre-11-1-300x186.png 300w, https:\/\/www.chateaucarqueiranne.com\/wp-content\/uploads\/2024\/11\/Design-sans-titre-11-1-1024x634.png 1024w, https:\/\/www.chateaucarqueiranne.com\/wp-content\/uploads\/2024\/11\/Design-sans-titre-11-1-768x475.png 768w\" sizes=\"(max-width: 1050px) 100vw, 1050px\" \/><\/figure>\n\n\n\n<h2 class=\"wp-block-heading has-medium-font-size\"><br><strong>D\u00e9couvrez Greg, notre technicien polyvalent au Ch\u00e2teau Carqueiranne.<\/strong><br><\/h2>\n\n\n\n<p>Originaire de notre belle r\u00e9gion, Greg a rejoint notre \u00e9quipe en mars 2024. Amoureux de la nature, il aime explorer les paysages vari\u00e9s de la r\u00e9gion et s\u2019adonner \u00e0 l&rsquo;une de ses plus grandes passions : la chasse. <\/p>\n\n\n\n<p>Fort de plus de 10 ans d\u2019exp\u00e9rience dans les domaines viticoles, Greg se consacrait principalement \u00e0 l\u2019entretien des vignes avant d\u2019arriver au Ch\u00e2teau. Par la suite, il s&rsquo;est r\u00e9orient\u00e9 vers des missions d\u2019entretien de jardins, d\u00e9veloppant ainsi de nouvelles comp\u00e9tences dans ce secteur. <\/p>\n\n\n\n<p>Ce qui l\u2019a attir\u00e9 au Ch\u00e2teau Carqueiranne ? La polyvalence de son poste.<\/p>\n\n\n\n<p>Merci Greg pour ton engagement au sein de l\u2019\u00e9quipe !<\/p>\n\n\n","protected":false},"excerpt":{"rendered":"<p>Portraits d&rsquo;\u00e9quipe Au Ch\u00e2teau Carqueiranne, chaque membre de notre \u00e9quipe contribue \u00e0 faire vivre ce lieu unique gr\u00e2ce \u00e0 son expertise, sa passion et son engagement. D\u00e9couvrez les parcours inspirants de celles et ceux qui travaillent chaque jour \u00e0 valoriser le domaine et \u00e0 \u00e9crire son histoire. Faites connaissance avec Laurent, notre Chef de Culture [&hellip;]<\/p>\n","protected":false},"author":1,"featured_media":0,"parent":0,"menu_order":0,"comment_status":"closed","ping_status":"closed","template":"","meta":{"saved_in_kubio":true,"footnotes":""},"class_list":["post-779","page","type-page","status-publish","hentry"],"kubio_ai_page_context":{"short_desc":"","purpose":"general"},"yoast_head":"<!-- This site is optimized with the Yoast SEO plugin v27.4 - https:\/\/yoast.com\/product\/yoast-seo-wordpress\/ -->\n<title>PORTRAITS - CH\u00c2TEAU CARQUEIRANNE<\/title>\n<meta name=\"robots\" content=\"index, follow, max-snippet:-1, max-image-preview:large, max-video-preview:-1\" \/>\n<link rel=\"canonical\" href=\"https:\/\/www.chateaucarqueiranne.com\/index.php\/portraits\/\" \/>\n<meta property=\"og:locale\" content=\"fr_FR\" \/>\n<meta property=\"og:type\" content=\"article\" \/>\n<meta property=\"og:title\" content=\"PORTRAITS - CH\u00c2TEAU CARQUEIRANNE\" \/>\n<meta property=\"og:description\" content=\"Portraits d&rsquo;\u00e9quipe Au Ch\u00e2teau Carqueiranne, chaque membre de notre \u00e9quipe contribue \u00e0 faire vivre ce lieu unique gr\u00e2ce \u00e0 son expertise, sa passion et son engagement. D\u00e9couvrez les parcours inspirants de celles et ceux qui travaillent chaque jour \u00e0 valoriser le domaine et \u00e0 \u00e9crire son histoire. Faites connaissance avec Laurent, notre Chef de Culture [&hellip;]\" \/>\n<meta property=\"og:url\" content=\"https:\/\/www.chateaucarqueiranne.com\/index.php\/portraits\/\" \/>\n<meta property=\"og:site_name\" content=\"CH\u00c2TEAU CARQUEIRANNE\" \/>\n<meta property=\"article:modified_time\" content=\"2025-11-10T11:43:25+00:00\" \/>\n<meta property=\"og:image\" content=\"https:\/\/www.chateaucarqueiranne.com\/wp-content\/uploads\/2024\/11\/Design-sans-titre-9-2.png\" \/>\n\t<meta property=\"og:image:width\" content=\"1050\" \/>\n\t<meta property=\"og:image:height\" content=\"650\" \/>\n\t<meta property=\"og:image:type\" content=\"image\/png\" \/>\n<meta name=\"twitter:card\" content=\"summary_large_image\" \/>\n<meta name=\"twitter:label1\" content=\"Dur\u00e9e de lecture estim\u00e9e\" \/>\n\t<meta name=\"twitter:data1\" content=\"4 minutes\" \/>\n<script type=\"application\/ld+json\" class=\"yoast-schema-graph\">{\"@context\":\"https:\\\/\\\/schema.org\",\"@graph\":[{\"@type\":\"WebPage\",\"@id\":\"https:\\\/\\\/www.chateaucarqueiranne.com\\\/index.php\\\/portraits\\\/\",\"url\":\"https:\\\/\\\/www.chateaucarqueiranne.com\\\/index.php\\\/portraits\\\/\",\"name\":\"PORTRAITS - CH\u00c2TEAU CARQUEIRANNE\",\"isPartOf\":{\"@id\":\"https:\\\/\\\/www.chateaucarqueiranne.com\\\/#website\"},\"primaryImageOfPage\":{\"@id\":\"https:\\\/\\\/www.chateaucarqueiranne.com\\\/index.php\\\/portraits\\\/#primaryimage\"},\"image\":{\"@id\":\"https:\\\/\\\/www.chateaucarqueiranne.com\\\/index.php\\\/portraits\\\/#primaryimage\"},\"thumbnailUrl\":\"https:\\\/\\\/www.chateaucarqueiranne.com\\\/wp-content\\\/uploads\\\/2024\\\/11\\\/Design-sans-titre-9-2.png\",\"datePublished\":\"2024-11-19T11:41:07+00:00\",\"dateModified\":\"2025-11-10T11:43:25+00:00\",\"breadcrumb\":{\"@id\":\"https:\\\/\\\/www.chateaucarqueiranne.com\\\/index.php\\\/portraits\\\/#breadcrumb\"},\"inLanguage\":\"fr-FR\",\"potentialAction\":[{\"@type\":\"ReadAction\",\"target\":[\"https:\\\/\\\/www.chateaucarqueiranne.com\\\/index.php\\\/portraits\\\/\"]}]},{\"@type\":\"ImageObject\",\"inLanguage\":\"fr-FR\",\"@id\":\"https:\\\/\\\/www.chateaucarqueiranne.com\\\/index.php\\\/portraits\\\/#primaryimage\",\"url\":\"https:\\\/\\\/www.chateaucarqueiranne.com\\\/wp-content\\\/uploads\\\/2024\\\/11\\\/Design-sans-titre-9-2.png\",\"contentUrl\":\"https:\\\/\\\/www.chateaucarqueiranne.com\\\/wp-content\\\/uploads\\\/2024\\\/11\\\/Design-sans-titre-9-2.png\",\"width\":1050,\"height\":650},{\"@type\":\"BreadcrumbList\",\"@id\":\"https:\\\/\\\/www.chateaucarqueiranne.com\\\/index.php\\\/portraits\\\/#breadcrumb\",\"itemListElement\":[{\"@type\":\"ListItem\",\"position\":1,\"name\":\"Accueil\",\"item\":\"https:\\\/\\\/www.chateaucarqueiranne.com\\\/\"},{\"@type\":\"ListItem\",\"position\":2,\"name\":\"PORTRAITS\"}]},{\"@type\":\"WebSite\",\"@id\":\"https:\\\/\\\/www.chateaucarqueiranne.com\\\/#website\",\"url\":\"https:\\\/\\\/www.chateaucarqueiranne.com\\\/\",\"name\":\"CH\u00c2TEAU CARQUEIRANNE\",\"description\":\"C\u00f4tes de Provence  \",\"publisher\":{\"@id\":\"https:\\\/\\\/www.chateaucarqueiranne.com\\\/#organization\"},\"potentialAction\":[{\"@type\":\"SearchAction\",\"target\":{\"@type\":\"EntryPoint\",\"urlTemplate\":\"https:\\\/\\\/www.chateaucarqueiranne.com\\\/?s={search_term_string}\"},\"query-input\":{\"@type\":\"PropertyValueSpecification\",\"valueRequired\":true,\"valueName\":\"search_term_string\"}}],\"inLanguage\":\"fr-FR\"},{\"@type\":\"Organization\",\"@id\":\"https:\\\/\\\/www.chateaucarqueiranne.com\\\/#organization\",\"name\":\"CH\u00c2TEAU CARQUEIRANNE\",\"url\":\"https:\\\/\\\/www.chateaucarqueiranne.com\\\/\",\"logo\":{\"@type\":\"ImageObject\",\"inLanguage\":\"fr-FR\",\"@id\":\"https:\\\/\\\/www.chateaucarqueiranne.com\\\/#\\\/schema\\\/logo\\\/image\\\/\",\"url\":\"https:\\\/\\\/www.chateaucarqueiranne.com\\\/wp-content\\\/uploads\\\/2024\\\/05\\\/Typo-Chateau-Sans-fond-1-e1715849615235.png\",\"contentUrl\":\"https:\\\/\\\/www.chateaucarqueiranne.com\\\/wp-content\\\/uploads\\\/2024\\\/05\\\/Typo-Chateau-Sans-fond-1-e1715849615235.png\",\"width\":1890,\"height\":592,\"caption\":\"CH\u00c2TEAU CARQUEIRANNE\"},\"image\":{\"@id\":\"https:\\\/\\\/www.chateaucarqueiranne.com\\\/#\\\/schema\\\/logo\\\/image\\\/\"}}]}<\/script>\n<!-- \/ Yoast SEO plugin. -->","yoast_head_json":{"title":"PORTRAITS - CH\u00c2TEAU CARQUEIRANNE","robots":{"index":"index","follow":"follow","max-snippet":"max-snippet:-1","max-image-preview":"max-image-preview:large","max-video-preview":"max-video-preview:-1"},"canonical":"https:\/\/www.chateaucarqueiranne.com\/index.php\/portraits\/","og_locale":"fr_FR","og_type":"article","og_title":"PORTRAITS - CH\u00c2TEAU CARQUEIRANNE","og_description":"Portraits d&rsquo;\u00e9quipe Au Ch\u00e2teau Carqueiranne, chaque membre de notre \u00e9quipe contribue \u00e0 faire vivre ce lieu unique gr\u00e2ce \u00e0 son expertise, sa passion et son engagement. D\u00e9couvrez les parcours inspirants de celles et ceux qui travaillent chaque jour \u00e0 valoriser le domaine et \u00e0 \u00e9crire son histoire. Faites connaissance avec Laurent, notre Chef de Culture [&hellip;]","og_url":"https:\/\/www.chateaucarqueiranne.com\/index.php\/portraits\/","og_site_name":"CH\u00c2TEAU CARQUEIRANNE","article_modified_time":"2025-11-10T11:43:25+00:00","og_image":[{"width":1050,"height":650,"url":"https:\/\/www.chateaucarqueiranne.com\/wp-content\/uploads\/2024\/11\/Design-sans-titre-9-2.png","type":"image\/png"}],"twitter_card":"summary_large_image","twitter_misc":{"Dur\u00e9e de lecture estim\u00e9e":"4 minutes"},"schema":{"@context":"https:\/\/schema.org","@graph":[{"@type":"WebPage","@id":"https:\/\/www.chateaucarqueiranne.com\/index.php\/portraits\/","url":"https:\/\/www.chateaucarqueiranne.com\/index.php\/portraits\/","name":"PORTRAITS - CH\u00c2TEAU CARQUEIRANNE","isPartOf":{"@id":"https:\/\/www.chateaucarqueiranne.com\/#website"},"primaryImageOfPage":{"@id":"https:\/\/www.chateaucarqueiranne.com\/index.php\/portraits\/#primaryimage"},"image":{"@id":"https:\/\/www.chateaucarqueiranne.com\/index.php\/portraits\/#primaryimage"},"thumbnailUrl":"https:\/\/www.chateaucarqueiranne.com\/wp-content\/uploads\/2024\/11\/Design-sans-titre-9-2.png","datePublished":"2024-11-19T11:41:07+00:00","dateModified":"2025-11-10T11:43:25+00:00","breadcrumb":{"@id":"https:\/\/www.chateaucarqueiranne.com\/index.php\/portraits\/#breadcrumb"},"inLanguage":"fr-FR","potentialAction":[{"@type":"ReadAction","target":["https:\/\/www.chateaucarqueiranne.com\/index.php\/portraits\/"]}]},{"@type":"ImageObject","inLanguage":"fr-FR","@id":"https:\/\/www.chateaucarqueiranne.com\/index.php\/portraits\/#primaryimage","url":"https:\/\/www.chateaucarqueiranne.com\/wp-content\/uploads\/2024\/11\/Design-sans-titre-9-2.png","contentUrl":"https:\/\/www.chateaucarqueiranne.com\/wp-content\/uploads\/2024\/11\/Design-sans-titre-9-2.png","width":1050,"height":650},{"@type":"BreadcrumbList","@id":"https:\/\/www.chateaucarqueiranne.com\/index.php\/portraits\/#breadcrumb","itemListElement":[{"@type":"ListItem","position":1,"name":"Accueil","item":"https:\/\/www.chateaucarqueiranne.com\/"},{"@type":"ListItem","position":2,"name":"PORTRAITS"}]},{"@type":"WebSite","@id":"https:\/\/www.chateaucarqueiranne.com\/#website","url":"https:\/\/www.chateaucarqueiranne.com\/","name":"CH\u00c2TEAU CARQUEIRANNE","description":"C\u00f4tes de Provence  ","publisher":{"@id":"https:\/\/www.chateaucarqueiranne.com\/#organization"},"potentialAction":[{"@type":"SearchAction","target":{"@type":"EntryPoint","urlTemplate":"https:\/\/www.chateaucarqueiranne.com\/?s={search_term_string}"},"query-input":{"@type":"PropertyValueSpecification","valueRequired":true,"valueName":"search_term_string"}}],"inLanguage":"fr-FR"},{"@type":"Organization","@id":"https:\/\/www.chateaucarqueiranne.com\/#organization","name":"CH\u00c2TEAU CARQUEIRANNE","url":"https:\/\/www.chateaucarqueiranne.com\/","logo":{"@type":"ImageObject","inLanguage":"fr-FR","@id":"https:\/\/www.chateaucarqueiranne.com\/#\/schema\/logo\/image\/","url":"https:\/\/www.chateaucarqueiranne.com\/wp-content\/uploads\/2024\/05\/Typo-Chateau-Sans-fond-1-e1715849615235.png","contentUrl":"https:\/\/www.chateaucarqueiranne.com\/wp-content\/uploads\/2024\/05\/Typo-Chateau-Sans-fond-1-e1715849615235.png","width":1890,"height":592,"caption":"CH\u00c2TEAU CARQUEIRANNE"},"image":{"@id":"https:\/\/www.chateaucarqueiranne.com\/#\/schema\/logo\/image\/"}}]}},"_links":{"self":[{"href":"https:\/\/www.chateaucarqueiranne.com\/index.php\/wp-json\/wp\/v2\/pages\/779","targetHints":{"allow":["GET"]}}],"collection":[{"href":"https:\/\/www.chateaucarqueiranne.com\/index.php\/wp-json\/wp\/v2\/pages"}],"about":[{"href":"https:\/\/www.chateaucarqueiranne.com\/index.php\/wp-json\/wp\/v2\/types\/page"}],"author":[{"embeddable":true,"href":"https:\/\/www.chateaucarqueiranne.com\/index.php\/wp-json\/wp\/v2\/users\/1"}],"replies":[{"embeddable":true,"href":"https:\/\/www.chateaucarqueiranne.com\/index.php\/wp-json\/wp\/v2\/comments?post=779"}],"version-history":[{"count":7,"href":"https:\/\/www.chateaucarqueiranne.com\/index.php\/wp-json\/wp\/v2\/pages\/779\/revisions"}],"predecessor-version":[{"id":2197,"href":"https:\/\/www.chateaucarqueiranne.com\/index.php\/wp-json\/wp\/v2\/pages\/779\/revisions\/2197"}],"wp:attachment":[{"href":"https:\/\/www.chateaucarqueiranne.com\/index.php\/wp-json\/wp\/v2\/media?parent=779"}],"curies":[{"name":"wp","href":"https:\/\/api.w.org\/{rel}","templated":true}]}}