{"id":759,"date":"2024-11-13T14:58:12","date_gmt":"2024-11-13T13:58:12","guid":{"rendered":"https:\/\/www.chateaucarqueiranne.com\/?page_id=759"},"modified":"2025-10-23T17:22:39","modified_gmt":"2025-10-23T15:22:39","slug":"lesprit-unique-chateau-carqueiranne","status":"publish","type":"page","link":"https:\/\/www.chateaucarqueiranne.com\/index.php\/lesprit-unique-chateau-carqueiranne\/","title":{"rendered":"L&rsquo;esprit unique Ch\u00e2teau Carqueiranne"},"content":{"rendered":"\n<div class=\"wp-block-buttons is-content-justification-right is-layout-flex wp-container-core-buttons-is-layout-d445cf74 wp-block-buttons-is-layout-flex\">\n<div class=\"wp-block-button is-style-outline is-style-outline--1\"><a class=\"wp-block-button__link wp-element-button\" href=\"https:\/\/www.chateaucarqueiranne.com\/index.php\/en\/the-unique-spirit-of-chateau-carqueiranne\/\">EN \ud83c\uddfa\ud83c\uddf8<\/a><\/div>\n\n\n\n<div class=\"wp-block-button is-style-outline is-style-outline--2\"><a class=\"wp-block-button__link wp-element-button\" href=\"https:\/\/www.chateaucarqueiranne.com\/index.php\/ein-einzigartiges-doppeltes-erbe-de\/\">DE \ud83c\udde9\ud83c\uddea<\/a><\/div>\n<\/div>\n\n\n\n<h2 class=\"wp-block-heading has-text-align-center\" style=\"font-size:2.8rem\">L&rsquo;esprit unique Ch\u00e2teau Carqueiranne<\/h2>\n\n\n\n\n\n<p class=\"has-text-align-center\"><strong>L&rsquo;esprit unique Ch\u00e2teau Carqueiranne se construit autour de trois piliers essentiels. Respecter notre patrimoine historique, produire des vins d\u2019exception, et refl\u00e9ter l\u2019art de vivre proven\u00e7al. <\/strong><span style=\"font-family: Raleway;font-weight: 400\" class=\"kubio-has-inline-font-family-weight\"><strong>Guid\u00e9 par cet esprit, chaque geste s\u2019inscrit dans un savoir-faire ancr\u00e9 dans le temps, que nous avons pour mission de partager.<\/strong><\/span><\/p>\n\n\n\n\n\n<div class=\"wp-block-media-text is-stacked-on-mobile\"><figure class=\"wp-block-media-text__media\"><img loading=\"lazy\" decoding=\"async\" width=\"480\" height=\"650\" src=\"https:\/\/www.chateaucarqueiranne.com\/wp-content\/uploads\/2024\/11\/Design-sans-titre-4-1.png\" alt=\"Croix d'\u00e9poque sur le haut du Ch\u00e2teau Carqueiranne.\" class=\"wp-image-760 size-full\" srcset=\"https:\/\/www.chateaucarqueiranne.com\/wp-content\/uploads\/2024\/11\/Design-sans-titre-4-1.png 480w, https:\/\/www.chateaucarqueiranne.com\/wp-content\/uploads\/2024\/11\/Design-sans-titre-4-1-222x300.png 222w\" sizes=\"(max-width: 480px) 100vw, 480px\" \/><\/figure><div class=\"wp-block-media-text__content\">\n<h3 class=\"wp-block-heading\" style=\"font-size:1.8rem\">Un double h\u00e9ritage unique<\/h3>\n\n\n\n<p><\/p>\n\n\n\n<p style=\"font-size:15px\">Le Ch\u00e2teau Carqueiranne, <strong><em><a href=\"https:\/\/www.chateaucarqueiranne.com\/index.php\/chateau-carqueiranne-patrimoine-historique\/\">patrimoine historique en Provence<\/a><\/em><\/strong>, incarne un double h\u00e9ritage. A la fois, la m\u00e9moire de si\u00e8cles d\u2019histoire, et un \u00e9cosyst\u00e8me viticole unique. La richesse de ses terres, baign\u00e9es par le soleil m\u00e9diterran\u00e9en et le Mistral, nourrit ainsi la vigne et la biodiversit\u00e9.<\/p>\n<\/div><\/div>\n\n\n\n\n\n<div class=\"wp-block-media-text has-media-on-the-right is-stacked-on-mobile\"><div class=\"wp-block-media-text__content\">\n<h3 class=\"wp-block-heading\" style=\"font-size:1.8rem\">La qualit\u00e9 comme exigence <\/h3>\n\n\n\n<p><\/p>\n\n\n\n<p style=\"font-size:15px\">Au Ch\u00e2teau Carqueiranne, la qu\u00eate de la qualit\u00e9 est au c\u0153ur de tout ce que nous entreprenons. Chaque \u00e9tape de notre travail est r\u00e9gie par des pratiques rigoureuses et respectueuses de l&rsquo;environnement. Nous nous soumettons notamment \u00e0 des contr\u00f4les externes qui assurent le respect des standards les plus \u00e9lev\u00e9s. Mais au-del\u00e0 des certifications, c\u2019est la passion de nos \u00e9quipes pour l\u2019excellence et la durabilit\u00e9 qui se r\u00e9v\u00e8le. Moins produire, mais mieux produire, avec une qualit\u00e9 qui traverse le temps. De la viticulture \u00e0 la vinification, tous les efforts sont ainsi mis en oeuvre pour produire des vins <strong><em><a href=\"https:\/\/www.vinsdeprovence.com\/les-appellations\/cotes-de-provence\">AOP C\u00f4tes de Provence<\/a><\/em><\/strong> d&rsquo;exception.<\/p>\n<\/div><figure class=\"wp-block-media-text__media\"><img loading=\"lazy\" decoding=\"async\" width=\"480\" height=\"650\" src=\"http:\/\/www.chateaucarqueiranne.com\/wp-content\/uploads\/2024\/11\/Design-sans-titre-5.png\" alt=\"Feuille de vigne du Ch\u00e2teau Carqueiranne\" class=\"wp-image-745 size-full\" srcset=\"https:\/\/www.chateaucarqueiranne.com\/wp-content\/uploads\/2024\/11\/Design-sans-titre-5.png 480w, https:\/\/www.chateaucarqueiranne.com\/wp-content\/uploads\/2024\/11\/Design-sans-titre-5-222x300.png 222w\" sizes=\"(max-width: 480px) 100vw, 480px\" \/><\/figure><\/div>\n\n\n\n\n\n<div class=\"wp-block-media-text is-stacked-on-mobile\"><figure class=\"wp-block-media-text__media\"><img loading=\"lazy\" decoding=\"async\" width=\"480\" height=\"650\" src=\"http:\/\/www.chateaucarqueiranne.com\/wp-content\/uploads\/2024\/11\/Design-sans-titre-7.png\" alt=\"\" class=\"wp-image-747 size-full\" srcset=\"https:\/\/www.chateaucarqueiranne.com\/wp-content\/uploads\/2024\/11\/Design-sans-titre-7.png 480w, https:\/\/www.chateaucarqueiranne.com\/wp-content\/uploads\/2024\/11\/Design-sans-titre-7-222x300.png 222w\" sizes=\"(max-width: 480px) 100vw, 480px\" \/><\/figure><div class=\"wp-block-media-text__content\">\n<h3 class=\"wp-block-heading\" style=\"font-size:1.8rem\">L&rsquo;authenticit\u00e9 de la Provence au Ch\u00e2teau Carqueiranne<\/h3>\n\n\n\n<p><\/p>\n\n\n\n<p style=\"font-size:15px\">L\u2019essence de notre domaine r\u00e9side dans un luxe sans artifice, fid\u00e8le \u00e0 l\u2019art de vivre proven\u00e7al. Nous accueillons nos visiteurs dans un cadre authentique. Ici, la nature, le savoir-faire local et nos vins de Provence se rencontrent pour offrir une exp\u00e9rience sinc\u00e8re et enracin\u00e9e dans le territoire. Cette sinc\u00e9rit\u00e9 se refl\u00e8te dans nos choix. Nous collaborons avec des artisans locaux pour r\u00e9aliser une grande partie de nos travaux. De plus, <strong><em><a href=\"https:\/\/www.chateaucarqueiranne.com\/index.php\/portraits\/\">nos collaborateurs<\/a><\/em><\/strong>, profond\u00e9ment ancr\u00e9s dans la r\u00e9gion, s&rsquo;engagent \u00e0 offrir une exp\u00e9rience authentique et v\u00e9ritable.<\/p>\n<\/div><\/div>\n\n\n\n\n\n<div class=\"wp-block-media-text has-media-on-the-right is-stacked-on-mobile\"><div class=\"wp-block-media-text__content\">\n<h3 class=\"wp-block-heading\" style=\"font-size:1.8rem\">La transparence au coeur de nos \u00e9v\u00e9nements <\/h3>\n\n\n\n<p><\/p>\n\n\n\n<p style=\"font-size:15px\">Le Ch\u00e2teau Carqueiranne met un point d&rsquo;honneur \u00e0 la transparence. Tout est mis en lumi\u00e8re, sans rien cacher. Nous organisons r\u00e9guli\u00e8rement des \u00e9v\u00e9nements permettant aux visiteurs de rencontrer <strong><em><a href=\"https:\/\/www.chateaucarqueiranne.com\/index.php\/portraits\/\">nos \u00e9quipes<\/a><\/em><\/strong> et de d\u00e9couvrir les coulisses du ch\u00e2teau. Cette transparence est un gage de confiance et un rappel de notre mission. Nous avons \u00e0 coeur de pr\u00e9server ce patrimoine et le transmettre aux g\u00e9n\u00e9rations futures.<\/p>\n<\/div><figure class=\"wp-block-media-text__media\"><img loading=\"lazy\" decoding=\"async\" width=\"480\" height=\"650\" src=\"http:\/\/www.chateaucarqueiranne.com\/wp-content\/uploads\/2024\/11\/Design-sans-titre-8.png\" alt=\"Verre s\u00e9rigraphie Ch\u00e2teau Carqueiranne\" class=\"wp-image-748 size-full\" srcset=\"https:\/\/www.chateaucarqueiranne.com\/wp-content\/uploads\/2024\/11\/Design-sans-titre-8.png 480w, https:\/\/www.chateaucarqueiranne.com\/wp-content\/uploads\/2024\/11\/Design-sans-titre-8-222x300.png 222w\" sizes=\"(max-width: 480px) 100vw, 480px\" \/><\/figure><\/div>\n","protected":false},"excerpt":{"rendered":"<p>L&rsquo;esprit unique Ch\u00e2teau Carqueiranne L&rsquo;esprit unique Ch\u00e2teau Carqueiranne se construit autour de trois piliers essentiels. Respecter notre patrimoine historique, produire des vins d\u2019exception, et refl\u00e9ter l\u2019art de vivre proven\u00e7al. Guid\u00e9 par cet esprit, chaque geste s\u2019inscrit dans un savoir-faire ancr\u00e9 dans le temps, que nous avons pour mission de partager. Un double h\u00e9ritage unique Le [&hellip;]<\/p>\n","protected":false},"author":1,"featured_media":748,"parent":0,"menu_order":0,"comment_status":"closed","ping_status":"closed","template":"","meta":{"saved_in_kubio":true,"footnotes":""},"class_list":["post-759","page","type-page","status-publish","has-post-thumbnail","hentry"],"kubio_ai_page_context":{"short_desc":"","purpose":"general"},"yoast_head":"<!-- This site is optimized with the Yoast SEO plugin v27.4 - https:\/\/yoast.com\/product\/yoast-seo-wordpress\/ -->\n<title>L&#039;esprit unique Ch\u00e2teau Carqueiranne - CH\u00c2TEAU CARQUEIRANNE<\/title>\n<meta name=\"description\" content=\"L&#039;esprit unique Ch\u00e2teau Carqueiranne se construit autour du patrimoine, de la qualit\u00e9 de nos vins \u00e0 travers l&#039;art de vivre proven\u00e7al.\" \/>\n<meta name=\"robots\" content=\"index, follow, max-snippet:-1, max-image-preview:large, max-video-preview:-1\" \/>\n<link rel=\"canonical\" href=\"https:\/\/www.chateaucarqueiranne.com\/index.php\/lesprit-unique-chateau-carqueiranne\/\" \/>\n<meta property=\"og:locale\" content=\"fr_FR\" \/>\n<meta property=\"og:type\" content=\"article\" \/>\n<meta property=\"og:title\" content=\"L&#039;esprit unique Ch\u00e2teau Carqueiranne - CH\u00c2TEAU CARQUEIRANNE\" \/>\n<meta property=\"og:description\" content=\"L&#039;esprit unique Ch\u00e2teau Carqueiranne se construit autour du patrimoine, de la qualit\u00e9 de nos vins \u00e0 travers l&#039;art de vivre proven\u00e7al.\" \/>\n<meta property=\"og:url\" content=\"https:\/\/www.chateaucarqueiranne.com\/index.php\/lesprit-unique-chateau-carqueiranne\/\" \/>\n<meta property=\"og:site_name\" content=\"CH\u00c2TEAU CARQUEIRANNE\" \/>\n<meta property=\"article:modified_time\" content=\"2025-10-23T15:22:39+00:00\" \/>\n<meta property=\"og:image\" content=\"https:\/\/www.chateaucarqueiranne.com\/wp-content\/uploads\/2024\/11\/Design-sans-titre-8.png\" \/>\n\t<meta property=\"og:image:width\" content=\"480\" \/>\n\t<meta property=\"og:image:height\" content=\"650\" \/>\n\t<meta property=\"og:image:type\" content=\"image\/png\" \/>\n<meta name=\"twitter:card\" content=\"summary_large_image\" \/>\n<meta name=\"twitter:label1\" content=\"Dur\u00e9e de lecture estim\u00e9e\" \/>\n\t<meta name=\"twitter:data1\" content=\"3 minutes\" \/>\n<script type=\"application\/ld+json\" class=\"yoast-schema-graph\">{\"@context\":\"https:\\\/\\\/schema.org\",\"@graph\":[{\"@type\":\"WebPage\",\"@id\":\"https:\\\/\\\/www.chateaucarqueiranne.com\\\/index.php\\\/lesprit-unique-chateau-carqueiranne\\\/\",\"url\":\"https:\\\/\\\/www.chateaucarqueiranne.com\\\/index.php\\\/lesprit-unique-chateau-carqueiranne\\\/\",\"name\":\"L'esprit unique Ch\u00e2teau Carqueiranne - CH\u00c2TEAU CARQUEIRANNE\",\"isPartOf\":{\"@id\":\"https:\\\/\\\/www.chateaucarqueiranne.com\\\/#website\"},\"primaryImageOfPage\":{\"@id\":\"https:\\\/\\\/www.chateaucarqueiranne.com\\\/index.php\\\/lesprit-unique-chateau-carqueiranne\\\/#primaryimage\"},\"image\":{\"@id\":\"https:\\\/\\\/www.chateaucarqueiranne.com\\\/index.php\\\/lesprit-unique-chateau-carqueiranne\\\/#primaryimage\"},\"thumbnailUrl\":\"https:\\\/\\\/www.chateaucarqueiranne.com\\\/wp-content\\\/uploads\\\/2024\\\/11\\\/Design-sans-titre-8.png\",\"datePublished\":\"2024-11-13T13:58:12+00:00\",\"dateModified\":\"2025-10-23T15:22:39+00:00\",\"description\":\"L'esprit unique Ch\u00e2teau Carqueiranne se construit autour du patrimoine, de la qualit\u00e9 de nos vins \u00e0 travers l'art de vivre proven\u00e7al.\",\"breadcrumb\":{\"@id\":\"https:\\\/\\\/www.chateaucarqueiranne.com\\\/index.php\\\/lesprit-unique-chateau-carqueiranne\\\/#breadcrumb\"},\"inLanguage\":\"fr-FR\",\"potentialAction\":[{\"@type\":\"ReadAction\",\"target\":[\"https:\\\/\\\/www.chateaucarqueiranne.com\\\/index.php\\\/lesprit-unique-chateau-carqueiranne\\\/\"]}]},{\"@type\":\"ImageObject\",\"inLanguage\":\"fr-FR\",\"@id\":\"https:\\\/\\\/www.chateaucarqueiranne.com\\\/index.php\\\/lesprit-unique-chateau-carqueiranne\\\/#primaryimage\",\"url\":\"https:\\\/\\\/www.chateaucarqueiranne.com\\\/wp-content\\\/uploads\\\/2024\\\/11\\\/Design-sans-titre-8.png\",\"contentUrl\":\"https:\\\/\\\/www.chateaucarqueiranne.com\\\/wp-content\\\/uploads\\\/2024\\\/11\\\/Design-sans-titre-8.png\",\"width\":480,\"height\":650},{\"@type\":\"BreadcrumbList\",\"@id\":\"https:\\\/\\\/www.chateaucarqueiranne.com\\\/index.php\\\/lesprit-unique-chateau-carqueiranne\\\/#breadcrumb\",\"itemListElement\":[{\"@type\":\"ListItem\",\"position\":1,\"name\":\"Accueil\",\"item\":\"https:\\\/\\\/www.chateaucarqueiranne.com\\\/\"},{\"@type\":\"ListItem\",\"position\":2,\"name\":\"L&rsquo;esprit unique Ch\u00e2teau Carqueiranne\"}]},{\"@type\":\"WebSite\",\"@id\":\"https:\\\/\\\/www.chateaucarqueiranne.com\\\/#website\",\"url\":\"https:\\\/\\\/www.chateaucarqueiranne.com\\\/\",\"name\":\"CH\u00c2TEAU CARQUEIRANNE\",\"description\":\"C\u00f4tes de Provence  \",\"publisher\":{\"@id\":\"https:\\\/\\\/www.chateaucarqueiranne.com\\\/#organization\"},\"potentialAction\":[{\"@type\":\"SearchAction\",\"target\":{\"@type\":\"EntryPoint\",\"urlTemplate\":\"https:\\\/\\\/www.chateaucarqueiranne.com\\\/?s={search_term_string}\"},\"query-input\":{\"@type\":\"PropertyValueSpecification\",\"valueRequired\":true,\"valueName\":\"search_term_string\"}}],\"inLanguage\":\"fr-FR\"},{\"@type\":\"Organization\",\"@id\":\"https:\\\/\\\/www.chateaucarqueiranne.com\\\/#organization\",\"name\":\"CH\u00c2TEAU CARQUEIRANNE\",\"url\":\"https:\\\/\\\/www.chateaucarqueiranne.com\\\/\",\"logo\":{\"@type\":\"ImageObject\",\"inLanguage\":\"fr-FR\",\"@id\":\"https:\\\/\\\/www.chateaucarqueiranne.com\\\/#\\\/schema\\\/logo\\\/image\\\/\",\"url\":\"https:\\\/\\\/www.chateaucarqueiranne.com\\\/wp-content\\\/uploads\\\/2024\\\/05\\\/Typo-Chateau-Sans-fond-1-e1715849615235.png\",\"contentUrl\":\"https:\\\/\\\/www.chateaucarqueiranne.com\\\/wp-content\\\/uploads\\\/2024\\\/05\\\/Typo-Chateau-Sans-fond-1-e1715849615235.png\",\"width\":1890,\"height\":592,\"caption\":\"CH\u00c2TEAU CARQUEIRANNE\"},\"image\":{\"@id\":\"https:\\\/\\\/www.chateaucarqueiranne.com\\\/#\\\/schema\\\/logo\\\/image\\\/\"}}]}<\/script>\n<!-- \/ Yoast SEO plugin. -->","yoast_head_json":{"title":"L'esprit unique Ch\u00e2teau Carqueiranne - CH\u00c2TEAU CARQUEIRANNE","description":"L'esprit unique Ch\u00e2teau Carqueiranne se construit autour du patrimoine, de la qualit\u00e9 de nos vins \u00e0 travers l'art de vivre proven\u00e7al.","robots":{"index":"index","follow":"follow","max-snippet":"max-snippet:-1","max-image-preview":"max-image-preview:large","max-video-preview":"max-video-preview:-1"},"canonical":"https:\/\/www.chateaucarqueiranne.com\/index.php\/lesprit-unique-chateau-carqueiranne\/","og_locale":"fr_FR","og_type":"article","og_title":"L'esprit unique Ch\u00e2teau Carqueiranne - CH\u00c2TEAU CARQUEIRANNE","og_description":"L'esprit unique Ch\u00e2teau Carqueiranne se construit autour du patrimoine, de la qualit\u00e9 de nos vins \u00e0 travers l'art de vivre proven\u00e7al.","og_url":"https:\/\/www.chateaucarqueiranne.com\/index.php\/lesprit-unique-chateau-carqueiranne\/","og_site_name":"CH\u00c2TEAU CARQUEIRANNE","article_modified_time":"2025-10-23T15:22:39+00:00","og_image":[{"width":480,"height":650,"url":"https:\/\/www.chateaucarqueiranne.com\/wp-content\/uploads\/2024\/11\/Design-sans-titre-8.png","type":"image\/png"}],"twitter_card":"summary_large_image","twitter_misc":{"Dur\u00e9e de lecture estim\u00e9e":"3 minutes"},"schema":{"@context":"https:\/\/schema.org","@graph":[{"@type":"WebPage","@id":"https:\/\/www.chateaucarqueiranne.com\/index.php\/lesprit-unique-chateau-carqueiranne\/","url":"https:\/\/www.chateaucarqueiranne.com\/index.php\/lesprit-unique-chateau-carqueiranne\/","name":"L'esprit unique Ch\u00e2teau Carqueiranne - CH\u00c2TEAU CARQUEIRANNE","isPartOf":{"@id":"https:\/\/www.chateaucarqueiranne.com\/#website"},"primaryImageOfPage":{"@id":"https:\/\/www.chateaucarqueiranne.com\/index.php\/lesprit-unique-chateau-carqueiranne\/#primaryimage"},"image":{"@id":"https:\/\/www.chateaucarqueiranne.com\/index.php\/lesprit-unique-chateau-carqueiranne\/#primaryimage"},"thumbnailUrl":"https:\/\/www.chateaucarqueiranne.com\/wp-content\/uploads\/2024\/11\/Design-sans-titre-8.png","datePublished":"2024-11-13T13:58:12+00:00","dateModified":"2025-10-23T15:22:39+00:00","description":"L'esprit unique Ch\u00e2teau Carqueiranne se construit autour du patrimoine, de la qualit\u00e9 de nos vins \u00e0 travers l'art de vivre proven\u00e7al.","breadcrumb":{"@id":"https:\/\/www.chateaucarqueiranne.com\/index.php\/lesprit-unique-chateau-carqueiranne\/#breadcrumb"},"inLanguage":"fr-FR","potentialAction":[{"@type":"ReadAction","target":["https:\/\/www.chateaucarqueiranne.com\/index.php\/lesprit-unique-chateau-carqueiranne\/"]}]},{"@type":"ImageObject","inLanguage":"fr-FR","@id":"https:\/\/www.chateaucarqueiranne.com\/index.php\/lesprit-unique-chateau-carqueiranne\/#primaryimage","url":"https:\/\/www.chateaucarqueiranne.com\/wp-content\/uploads\/2024\/11\/Design-sans-titre-8.png","contentUrl":"https:\/\/www.chateaucarqueiranne.com\/wp-content\/uploads\/2024\/11\/Design-sans-titre-8.png","width":480,"height":650},{"@type":"BreadcrumbList","@id":"https:\/\/www.chateaucarqueiranne.com\/index.php\/lesprit-unique-chateau-carqueiranne\/#breadcrumb","itemListElement":[{"@type":"ListItem","position":1,"name":"Accueil","item":"https:\/\/www.chateaucarqueiranne.com\/"},{"@type":"ListItem","position":2,"name":"L&rsquo;esprit unique Ch\u00e2teau Carqueiranne"}]},{"@type":"WebSite","@id":"https:\/\/www.chateaucarqueiranne.com\/#website","url":"https:\/\/www.chateaucarqueiranne.com\/","name":"CH\u00c2TEAU CARQUEIRANNE","description":"C\u00f4tes de Provence  ","publisher":{"@id":"https:\/\/www.chateaucarqueiranne.com\/#organization"},"potentialAction":[{"@type":"SearchAction","target":{"@type":"EntryPoint","urlTemplate":"https:\/\/www.chateaucarqueiranne.com\/?s={search_term_string}"},"query-input":{"@type":"PropertyValueSpecification","valueRequired":true,"valueName":"search_term_string"}}],"inLanguage":"fr-FR"},{"@type":"Organization","@id":"https:\/\/www.chateaucarqueiranne.com\/#organization","name":"CH\u00c2TEAU CARQUEIRANNE","url":"https:\/\/www.chateaucarqueiranne.com\/","logo":{"@type":"ImageObject","inLanguage":"fr-FR","@id":"https:\/\/www.chateaucarqueiranne.com\/#\/schema\/logo\/image\/","url":"https:\/\/www.chateaucarqueiranne.com\/wp-content\/uploads\/2024\/05\/Typo-Chateau-Sans-fond-1-e1715849615235.png","contentUrl":"https:\/\/www.chateaucarqueiranne.com\/wp-content\/uploads\/2024\/05\/Typo-Chateau-Sans-fond-1-e1715849615235.png","width":1890,"height":592,"caption":"CH\u00c2TEAU CARQUEIRANNE"},"image":{"@id":"https:\/\/www.chateaucarqueiranne.com\/#\/schema\/logo\/image\/"}}]}},"_links":{"self":[{"href":"https:\/\/www.chateaucarqueiranne.com\/index.php\/wp-json\/wp\/v2\/pages\/759","targetHints":{"allow":["GET"]}}],"collection":[{"href":"https:\/\/www.chateaucarqueiranne.com\/index.php\/wp-json\/wp\/v2\/pages"}],"about":[{"href":"https:\/\/www.chateaucarqueiranne.com\/index.php\/wp-json\/wp\/v2\/types\/page"}],"author":[{"embeddable":true,"href":"https:\/\/www.chateaucarqueiranne.com\/index.php\/wp-json\/wp\/v2\/users\/1"}],"replies":[{"embeddable":true,"href":"https:\/\/www.chateaucarqueiranne.com\/index.php\/wp-json\/wp\/v2\/comments?post=759"}],"version-history":[{"count":17,"href":"https:\/\/www.chateaucarqueiranne.com\/index.php\/wp-json\/wp\/v2\/pages\/759\/revisions"}],"predecessor-version":[{"id":2150,"href":"https:\/\/www.chateaucarqueiranne.com\/index.php\/wp-json\/wp\/v2\/pages\/759\/revisions\/2150"}],"wp:featuredmedia":[{"embeddable":true,"href":"https:\/\/www.chateaucarqueiranne.com\/index.php\/wp-json\/wp\/v2\/media\/748"}],"wp:attachment":[{"href":"https:\/\/www.chateaucarqueiranne.com\/index.php\/wp-json\/wp\/v2\/media?parent=759"}],"curies":[{"name":"wp","href":"https:\/\/api.w.org\/{rel}","templated":true}]}}