{"id":1418,"date":"2025-05-21T12:16:47","date_gmt":"2025-05-21T10:16:47","guid":{"rendered":"https:\/\/www.chateaucarqueiranne.com\/?page_id=1418"},"modified":"2025-06-13T15:06:00","modified_gmt":"2025-06-13T13:06:00","slug":"boney-m-de","status":"publish","type":"page","link":"https:\/\/www.chateaucarqueiranne.com\/index.php\/boney-m-de\/","title":{"rendered":"BONEY M DE"},"content":{"rendered":"\n<div class=\"wp-block-buttons is-content-justification-right is-layout-flex wp-container-core-buttons-is-layout-d445cf74 wp-block-buttons-is-layout-flex\">\n<div class=\"wp-block-button is-style-outline is-style-outline--1\"><a class=\"wp-block-button__link wp-element-button\" href=\"https:\/\/www.chateaucarqueiranne.com\/index.php\/private-boney-m-concert-at-chateau-carqueiranne\/\">EN \ud83c\uddfa\ud83c\uddf8 <\/a><\/div>\n\n\n\n<div class=\"wp-block-button is-style-outline is-style-outline--2\"><a class=\"wp-block-button__link wp-element-button\" href=\"https:\/\/www.chateaucarqueiranne.com\/index.php\/boney-m-au-chateau-de-carqueiranne\/\">FR \ud83c\uddeb\ud83c\uddf7<\/a><\/div>\n<\/div>\n\n\n\n<h2 class=\"wp-block-heading has-text-align-center\">Privates Konzert von Boney M im Ch\u00e2teau de Carqueiranne<\/h2>\n\n\n\n\n\n<figure class=\"wp-block-video\"><video height=\"480\" style=\"aspect-ratio: 848 \/ 480;\" width=\"848\" controls src=\"https:\/\/www.chateaucarqueiranne.com\/wp-content\/uploads\/2025\/06\/WhatsApp-Video-2025-06-11-at-16.05.38_10294bd0-1.mp4\"><\/video><\/figure>\n\n\n\n\n\n<p><strong>Exklusiver Abend im Ch\u00e2teau de Carqueiranne: BONEY M in einem Privatkonzert<\/strong><\/p>\n\n\n\n<p>Erleben Sie ein einzigartiges Erlebnis im Ch\u00e2teau de Carqueiranne mit einem Privatkonzert von BONEY M, der Ikone der Disco-Szene, in einem au\u00dfergew\u00f6hnlichen Rahmen zwischen Weinbergen und Meer.<\/p>\n\n\n\n<p>Entdecken Sie die Klassiker der Band, wie Rasputin und Daddy Cool, in einer intimen und festlichen Atmosph\u00e4re neu. Genie\u00dfen Sie unsere Cuv\u00e9es LAMOUR und Ch\u00e2teau Carqueiranne an der Weinbar und lassen Sie sich von unserem Caterer raffinierte Gerichte zubereiten.<\/p>\n\n\n\n<p>Tauchen Sie unter dem Sternenhimmel in einen schicken und lebhaften Abend ein, an dem sich Musik und Eleganz zu einem unvergesslichen Moment vereinen.<\/p>\n\n\n\n<p>Lassen Sie sich diesen exklusiven Abend nicht entgehen und reservieren Sie jetzt!<\/p>\n\n\n\n<div class=\"wp-block-buttons is-layout-flex wp-block-buttons-is-layout-flex\">\n<div class=\"wp-block-button is-style-outline is-style-outline--3\"><a class=\"wp-block-button__link wp-element-button\" href=\"https:\/\/www.eventbrite.fr\/e\/billets-chateau-carqueiranne-x-boney-m-concert-prive-exclusif-1343969923219?aff=oddtdtcreator\" target=\"_blank\" rel=\"noreferrer noopener\">Reservieren Sie jetzt &#8211; 21\/06\/2025<\/a><\/div>\n<\/div>\n\n\n\n<figure class=\"wp-block-image size-large\"><img loading=\"lazy\" decoding=\"async\" width=\"1024\" height=\"768\" src=\"http:\/\/www.chateaucarqueiranne.com\/wp-content\/uploads\/2025\/06\/Copie-de-IMG_4943-scaled-1-1024x768.jpg\" alt=\"\" class=\"wp-image-1841\" srcset=\"https:\/\/www.chateaucarqueiranne.com\/wp-content\/uploads\/2025\/06\/Copie-de-IMG_4943-scaled-1-1024x768.jpg 1024w, https:\/\/www.chateaucarqueiranne.com\/wp-content\/uploads\/2025\/06\/Copie-de-IMG_4943-scaled-1-300x225.jpg 300w, https:\/\/www.chateaucarqueiranne.com\/wp-content\/uploads\/2025\/06\/Copie-de-IMG_4943-scaled-1-768x576.jpg 768w, https:\/\/www.chateaucarqueiranne.com\/wp-content\/uploads\/2025\/06\/Copie-de-IMG_4943-scaled-1-1536x1152.jpg 1536w, https:\/\/www.chateaucarqueiranne.com\/wp-content\/uploads\/2025\/06\/Copie-de-IMG_4943-scaled-1-2048x1536.jpg 2048w, https:\/\/www.chateaucarqueiranne.com\/wp-content\/uploads\/2025\/06\/Copie-de-IMG_4943-scaled-1-1440x1080.jpg 1440w\" sizes=\"(max-width: 1024px) 100vw, 1024px\" \/><\/figure>\n\n\n\n<figure class=\"wp-block-image size-large\"><img loading=\"lazy\" decoding=\"async\" width=\"1024\" height=\"683\" src=\"http:\/\/www.chateaucarqueiranne.com\/wp-content\/uploads\/2025\/06\/3-CC2-42-1-scaled-1-1024x683.jpg\" alt=\"\" class=\"wp-image-1842\" srcset=\"https:\/\/www.chateaucarqueiranne.com\/wp-content\/uploads\/2025\/06\/3-CC2-42-1-scaled-1-1024x683.jpg 1024w, https:\/\/www.chateaucarqueiranne.com\/wp-content\/uploads\/2025\/06\/3-CC2-42-1-scaled-1-300x200.jpg 300w, https:\/\/www.chateaucarqueiranne.com\/wp-content\/uploads\/2025\/06\/3-CC2-42-1-scaled-1-768x512.jpg 768w, https:\/\/www.chateaucarqueiranne.com\/wp-content\/uploads\/2025\/06\/3-CC2-42-1-scaled-1-1536x1024.jpg 1536w, https:\/\/www.chateaucarqueiranne.com\/wp-content\/uploads\/2025\/06\/3-CC2-42-1-scaled-1-2048x1366.jpg 2048w, https:\/\/www.chateaucarqueiranne.com\/wp-content\/uploads\/2025\/06\/3-CC2-42-1-scaled-1-1620x1080.jpg 1620w\" sizes=\"(max-width: 1024px) 100vw, 1024px\" \/><\/figure>\n\n\n\n<p class=\"has-text-align-center\"><br><\/p>\n","protected":false},"excerpt":{"rendered":"<p>Privates Konzert von Boney M im Ch\u00e2teau de Carqueiranne Exklusiver Abend im Ch\u00e2teau de Carqueiranne: BONEY M in einem Privatkonzert Erleben Sie ein einzigartiges Erlebnis im Ch\u00e2teau de Carqueiranne mit einem Privatkonzert von BONEY M, der Ikone der Disco-Szene, in einem au\u00dfergew\u00f6hnlichen Rahmen zwischen Weinbergen und Meer. Entdecken Sie die Klassiker der Band, wie Rasputin [&hellip;]<\/p>\n","protected":false},"author":1,"featured_media":0,"parent":0,"menu_order":0,"comment_status":"closed","ping_status":"closed","template":"","meta":{"saved_in_kubio":false,"footnotes":""},"class_list":["post-1418","page","type-page","status-publish","hentry"],"kubio_ai_page_context":{"short_desc":"","purpose":"general"},"yoast_head":"<!-- This site is optimized with the Yoast SEO plugin v27.4 - https:\/\/yoast.com\/product\/yoast-seo-wordpress\/ -->\n<title>BONEY M DE - CH\u00c2TEAU CARQUEIRANNE<\/title>\n<meta name=\"robots\" content=\"index, follow, max-snippet:-1, max-image-preview:large, max-video-preview:-1\" \/>\n<link rel=\"canonical\" href=\"https:\/\/www.chateaucarqueiranne.com\/index.php\/boney-m-de\/\" \/>\n<meta property=\"og:locale\" content=\"fr_FR\" \/>\n<meta property=\"og:type\" content=\"article\" \/>\n<meta property=\"og:title\" content=\"BONEY M DE - CH\u00c2TEAU CARQUEIRANNE\" \/>\n<meta property=\"og:description\" content=\"Privates Konzert von Boney M im Ch\u00e2teau de Carqueiranne Exklusiver Abend im Ch\u00e2teau de Carqueiranne: BONEY M in einem Privatkonzert Erleben Sie ein einzigartiges Erlebnis im Ch\u00e2teau de Carqueiranne mit einem Privatkonzert von BONEY M, der Ikone der Disco-Szene, in einem au\u00dfergew\u00f6hnlichen Rahmen zwischen Weinbergen und Meer. Entdecken Sie die Klassiker der Band, wie Rasputin [&hellip;]\" \/>\n<meta property=\"og:url\" content=\"https:\/\/www.chateaucarqueiranne.com\/index.php\/boney-m-de\/\" \/>\n<meta property=\"og:site_name\" content=\"CH\u00c2TEAU CARQUEIRANNE\" \/>\n<meta property=\"article:modified_time\" content=\"2025-06-13T13:06:00+00:00\" \/>\n<meta property=\"og:image\" content=\"https:\/\/www.chateaucarqueiranne.com\/wp-content\/uploads\/2025\/06\/Copie-de-IMG_4943-scaled-1.jpg\" \/>\n\t<meta property=\"og:image:width\" content=\"2560\" \/>\n\t<meta property=\"og:image:height\" content=\"1920\" \/>\n\t<meta property=\"og:image:type\" content=\"image\/jpeg\" \/>\n<meta name=\"twitter:card\" content=\"summary_large_image\" \/>\n<meta name=\"twitter:label1\" content=\"Dur\u00e9e de lecture estim\u00e9e\" \/>\n\t<meta name=\"twitter:data1\" content=\"2 minutes\" \/>\n<script type=\"application\/ld+json\" class=\"yoast-schema-graph\">{\"@context\":\"https:\\\/\\\/schema.org\",\"@graph\":[{\"@type\":\"WebPage\",\"@id\":\"https:\\\/\\\/www.chateaucarqueiranne.com\\\/index.php\\\/boney-m-de\\\/\",\"url\":\"https:\\\/\\\/www.chateaucarqueiranne.com\\\/index.php\\\/boney-m-de\\\/\",\"name\":\"BONEY M DE - CH\u00c2TEAU CARQUEIRANNE\",\"isPartOf\":{\"@id\":\"https:\\\/\\\/www.chateaucarqueiranne.com\\\/#website\"},\"primaryImageOfPage\":{\"@id\":\"https:\\\/\\\/www.chateaucarqueiranne.com\\\/index.php\\\/boney-m-de\\\/#primaryimage\"},\"image\":{\"@id\":\"https:\\\/\\\/www.chateaucarqueiranne.com\\\/index.php\\\/boney-m-de\\\/#primaryimage\"},\"thumbnailUrl\":\"http:\\\/\\\/www.chateaucarqueiranne.com\\\/wp-content\\\/uploads\\\/2025\\\/06\\\/Copie-de-IMG_4943-scaled-1-1024x768.jpg\",\"datePublished\":\"2025-05-21T10:16:47+00:00\",\"dateModified\":\"2025-06-13T13:06:00+00:00\",\"breadcrumb\":{\"@id\":\"https:\\\/\\\/www.chateaucarqueiranne.com\\\/index.php\\\/boney-m-de\\\/#breadcrumb\"},\"inLanguage\":\"fr-FR\",\"potentialAction\":[{\"@type\":\"ReadAction\",\"target\":[\"https:\\\/\\\/www.chateaucarqueiranne.com\\\/index.php\\\/boney-m-de\\\/\"]}]},{\"@type\":\"ImageObject\",\"inLanguage\":\"fr-FR\",\"@id\":\"https:\\\/\\\/www.chateaucarqueiranne.com\\\/index.php\\\/boney-m-de\\\/#primaryimage\",\"url\":\"https:\\\/\\\/www.chateaucarqueiranne.com\\\/wp-content\\\/uploads\\\/2025\\\/06\\\/Copie-de-IMG_4943-scaled-1.jpg\",\"contentUrl\":\"https:\\\/\\\/www.chateaucarqueiranne.com\\\/wp-content\\\/uploads\\\/2025\\\/06\\\/Copie-de-IMG_4943-scaled-1.jpg\",\"width\":2560,\"height\":1920},{\"@type\":\"BreadcrumbList\",\"@id\":\"https:\\\/\\\/www.chateaucarqueiranne.com\\\/index.php\\\/boney-m-de\\\/#breadcrumb\",\"itemListElement\":[{\"@type\":\"ListItem\",\"position\":1,\"name\":\"Accueil\",\"item\":\"https:\\\/\\\/www.chateaucarqueiranne.com\\\/\"},{\"@type\":\"ListItem\",\"position\":2,\"name\":\"BONEY M DE\"}]},{\"@type\":\"WebSite\",\"@id\":\"https:\\\/\\\/www.chateaucarqueiranne.com\\\/#website\",\"url\":\"https:\\\/\\\/www.chateaucarqueiranne.com\\\/\",\"name\":\"CH\u00c2TEAU CARQUEIRANNE\",\"description\":\"C\u00f4tes de Provence  \",\"publisher\":{\"@id\":\"https:\\\/\\\/www.chateaucarqueiranne.com\\\/#organization\"},\"potentialAction\":[{\"@type\":\"SearchAction\",\"target\":{\"@type\":\"EntryPoint\",\"urlTemplate\":\"https:\\\/\\\/www.chateaucarqueiranne.com\\\/?s={search_term_string}\"},\"query-input\":{\"@type\":\"PropertyValueSpecification\",\"valueRequired\":true,\"valueName\":\"search_term_string\"}}],\"inLanguage\":\"fr-FR\"},{\"@type\":\"Organization\",\"@id\":\"https:\\\/\\\/www.chateaucarqueiranne.com\\\/#organization\",\"name\":\"CH\u00c2TEAU CARQUEIRANNE\",\"url\":\"https:\\\/\\\/www.chateaucarqueiranne.com\\\/\",\"logo\":{\"@type\":\"ImageObject\",\"inLanguage\":\"fr-FR\",\"@id\":\"https:\\\/\\\/www.chateaucarqueiranne.com\\\/#\\\/schema\\\/logo\\\/image\\\/\",\"url\":\"https:\\\/\\\/www.chateaucarqueiranne.com\\\/wp-content\\\/uploads\\\/2024\\\/05\\\/Typo-Chateau-Sans-fond-1-e1715849615235.png\",\"contentUrl\":\"https:\\\/\\\/www.chateaucarqueiranne.com\\\/wp-content\\\/uploads\\\/2024\\\/05\\\/Typo-Chateau-Sans-fond-1-e1715849615235.png\",\"width\":1890,\"height\":592,\"caption\":\"CH\u00c2TEAU CARQUEIRANNE\"},\"image\":{\"@id\":\"https:\\\/\\\/www.chateaucarqueiranne.com\\\/#\\\/schema\\\/logo\\\/image\\\/\"}}]}<\/script>\n<!-- \/ Yoast SEO plugin. -->","yoast_head_json":{"title":"BONEY M DE - CH\u00c2TEAU CARQUEIRANNE","robots":{"index":"index","follow":"follow","max-snippet":"max-snippet:-1","max-image-preview":"max-image-preview:large","max-video-preview":"max-video-preview:-1"},"canonical":"https:\/\/www.chateaucarqueiranne.com\/index.php\/boney-m-de\/","og_locale":"fr_FR","og_type":"article","og_title":"BONEY M DE - CH\u00c2TEAU CARQUEIRANNE","og_description":"Privates Konzert von Boney M im Ch\u00e2teau de Carqueiranne Exklusiver Abend im Ch\u00e2teau de Carqueiranne: BONEY M in einem Privatkonzert Erleben Sie ein einzigartiges Erlebnis im Ch\u00e2teau de Carqueiranne mit einem Privatkonzert von BONEY M, der Ikone der Disco-Szene, in einem au\u00dfergew\u00f6hnlichen Rahmen zwischen Weinbergen und Meer. Entdecken Sie die Klassiker der Band, wie Rasputin [&hellip;]","og_url":"https:\/\/www.chateaucarqueiranne.com\/index.php\/boney-m-de\/","og_site_name":"CH\u00c2TEAU CARQUEIRANNE","article_modified_time":"2025-06-13T13:06:00+00:00","og_image":[{"width":2560,"height":1920,"url":"https:\/\/www.chateaucarqueiranne.com\/wp-content\/uploads\/2025\/06\/Copie-de-IMG_4943-scaled-1.jpg","type":"image\/jpeg"}],"twitter_card":"summary_large_image","twitter_misc":{"Dur\u00e9e de lecture estim\u00e9e":"2 minutes"},"schema":{"@context":"https:\/\/schema.org","@graph":[{"@type":"WebPage","@id":"https:\/\/www.chateaucarqueiranne.com\/index.php\/boney-m-de\/","url":"https:\/\/www.chateaucarqueiranne.com\/index.php\/boney-m-de\/","name":"BONEY M DE - CH\u00c2TEAU CARQUEIRANNE","isPartOf":{"@id":"https:\/\/www.chateaucarqueiranne.com\/#website"},"primaryImageOfPage":{"@id":"https:\/\/www.chateaucarqueiranne.com\/index.php\/boney-m-de\/#primaryimage"},"image":{"@id":"https:\/\/www.chateaucarqueiranne.com\/index.php\/boney-m-de\/#primaryimage"},"thumbnailUrl":"http:\/\/www.chateaucarqueiranne.com\/wp-content\/uploads\/2025\/06\/Copie-de-IMG_4943-scaled-1-1024x768.jpg","datePublished":"2025-05-21T10:16:47+00:00","dateModified":"2025-06-13T13:06:00+00:00","breadcrumb":{"@id":"https:\/\/www.chateaucarqueiranne.com\/index.php\/boney-m-de\/#breadcrumb"},"inLanguage":"fr-FR","potentialAction":[{"@type":"ReadAction","target":["https:\/\/www.chateaucarqueiranne.com\/index.php\/boney-m-de\/"]}]},{"@type":"ImageObject","inLanguage":"fr-FR","@id":"https:\/\/www.chateaucarqueiranne.com\/index.php\/boney-m-de\/#primaryimage","url":"https:\/\/www.chateaucarqueiranne.com\/wp-content\/uploads\/2025\/06\/Copie-de-IMG_4943-scaled-1.jpg","contentUrl":"https:\/\/www.chateaucarqueiranne.com\/wp-content\/uploads\/2025\/06\/Copie-de-IMG_4943-scaled-1.jpg","width":2560,"height":1920},{"@type":"BreadcrumbList","@id":"https:\/\/www.chateaucarqueiranne.com\/index.php\/boney-m-de\/#breadcrumb","itemListElement":[{"@type":"ListItem","position":1,"name":"Accueil","item":"https:\/\/www.chateaucarqueiranne.com\/"},{"@type":"ListItem","position":2,"name":"BONEY M DE"}]},{"@type":"WebSite","@id":"https:\/\/www.chateaucarqueiranne.com\/#website","url":"https:\/\/www.chateaucarqueiranne.com\/","name":"CH\u00c2TEAU CARQUEIRANNE","description":"C\u00f4tes de Provence  ","publisher":{"@id":"https:\/\/www.chateaucarqueiranne.com\/#organization"},"potentialAction":[{"@type":"SearchAction","target":{"@type":"EntryPoint","urlTemplate":"https:\/\/www.chateaucarqueiranne.com\/?s={search_term_string}"},"query-input":{"@type":"PropertyValueSpecification","valueRequired":true,"valueName":"search_term_string"}}],"inLanguage":"fr-FR"},{"@type":"Organization","@id":"https:\/\/www.chateaucarqueiranne.com\/#organization","name":"CH\u00c2TEAU CARQUEIRANNE","url":"https:\/\/www.chateaucarqueiranne.com\/","logo":{"@type":"ImageObject","inLanguage":"fr-FR","@id":"https:\/\/www.chateaucarqueiranne.com\/#\/schema\/logo\/image\/","url":"https:\/\/www.chateaucarqueiranne.com\/wp-content\/uploads\/2024\/05\/Typo-Chateau-Sans-fond-1-e1715849615235.png","contentUrl":"https:\/\/www.chateaucarqueiranne.com\/wp-content\/uploads\/2024\/05\/Typo-Chateau-Sans-fond-1-e1715849615235.png","width":1890,"height":592,"caption":"CH\u00c2TEAU CARQUEIRANNE"},"image":{"@id":"https:\/\/www.chateaucarqueiranne.com\/#\/schema\/logo\/image\/"}}]}},"_links":{"self":[{"href":"https:\/\/www.chateaucarqueiranne.com\/index.php\/wp-json\/wp\/v2\/pages\/1418","targetHints":{"allow":["GET"]}}],"collection":[{"href":"https:\/\/www.chateaucarqueiranne.com\/index.php\/wp-json\/wp\/v2\/pages"}],"about":[{"href":"https:\/\/www.chateaucarqueiranne.com\/index.php\/wp-json\/wp\/v2\/types\/page"}],"author":[{"embeddable":true,"href":"https:\/\/www.chateaucarqueiranne.com\/index.php\/wp-json\/wp\/v2\/users\/1"}],"replies":[{"embeddable":true,"href":"https:\/\/www.chateaucarqueiranne.com\/index.php\/wp-json\/wp\/v2\/comments?post=1418"}],"version-history":[{"count":4,"href":"https:\/\/www.chateaucarqueiranne.com\/index.php\/wp-json\/wp\/v2\/pages\/1418\/revisions"}],"predecessor-version":[{"id":1845,"href":"https:\/\/www.chateaucarqueiranne.com\/index.php\/wp-json\/wp\/v2\/pages\/1418\/revisions\/1845"}],"wp:attachment":[{"href":"https:\/\/www.chateaucarqueiranne.com\/index.php\/wp-json\/wp\/v2\/media?parent=1418"}],"curies":[{"name":"wp","href":"https:\/\/api.w.org\/{rel}","templated":true}]}}