{"id":1280,"date":"2025-05-08T11:47:51","date_gmt":"2025-05-08T09:47:51","guid":{"rendered":"https:\/\/www.chateaucarqueiranne.com\/?page_id=1280"},"modified":"2025-06-26T12:01:25","modified_gmt":"2025-06-26T10:01:25","slug":"boney-m-au-chateau-de-carqueiranne","status":"publish","type":"page","link":"https:\/\/www.chateaucarqueiranne.com\/index.php\/boney-m-au-chateau-de-carqueiranne\/","title":{"rendered":"Concert Prive Boney M au Ch\u00e2teau de Carqueiranne"},"content":{"rendered":"\n<div class=\"wp-block-buttons is-content-justification-right is-layout-flex wp-container-core-buttons-is-layout-d445cf74 wp-block-buttons-is-layout-flex\">\n<div class=\"wp-block-button is-style-outline is-style-outline--1\"><a class=\"wp-block-button__link wp-element-button\" href=\"https:\/\/www.chateaucarqueiranne.com\/index.php\/private-boney-m-concert-at-chateau-carqueiranne\/\">EN \ud83c\uddfa\ud83c\uddf8 <\/a><\/div>\n\n\n\n<div class=\"wp-block-button is-style-outline is-style-outline--2\"><a class=\"wp-block-button__link wp-element-button\" href=\"https:\/\/www.chateaucarqueiranne.com\/index.php\/boney-m-de\/\">DE \ud83c\udde9\ud83c\uddea<\/a><\/div>\n<\/div>\n\n\n\n<h2 class=\"wp-block-heading has-text-align-center\">Concert priv\u00e9 Boney M au Ch\u00e2teau de Carqueiranne<\/h2>\n\n\n\n\n\n<figure class=\"wp-block-video\"><video height=\"480\" style=\"aspect-ratio: 848 \/ 480;\" width=\"848\" autoplay controls muted src=\"https:\/\/www.chateaucarqueiranne.com\/wp-content\/uploads\/2025\/06\/WhatsApp-Video-2025-06-11-at-16.05.38_10294bd0.mp4\"><\/video><\/figure>\n\n\n\n\n\n<p><strong>Soir\u00e9e Exclusive au Ch\u00e2teau de Carqueiranne : BONEY M en Concert Priv\u00e9<\/strong><\/p>\n\n\n\n<p>Vivez une exp\u00e9rience unique au Ch\u00e2teau de Carqueiranne avec un concert priv\u00e9 de BONEY M, ic\u00f4ne de la sc\u00e8ne disco, dans un cadre exceptionnel entre vignes et mer.<\/p>\n\n\n\n<p>Red\u00e9couvrez les classiques du groupe, tels que Rasputin et Daddy Cool, dans une ambiance intime et festive. Profitez de nos cuv\u00e9es LAMOUR et Ch\u00e2teau Carqueiranne au bar \u00e0 vins, et savourez des mets raffin\u00e9s pr\u00e9par\u00e9s par notre traiteur.<\/p>\n\n\n\n<p>Sous les \u00e9toiles, plongez dans une soir\u00e9e chic et anim\u00e9e, o\u00f9 musique et \u00e9l\u00e9gance se rencontrent pour un moment inoubliable.<\/p>\n\n\n\n<p>Ne manquez pas cette soir\u00e9e exclusive et r\u00e9servez d\u00e8s maintenant!<\/p>\n\n\n\n\n\n<figure class=\"wp-block-image size-large\"><img loading=\"lazy\" decoding=\"async\" width=\"1024\" height=\"683\" src=\"http:\/\/www.chateaucarqueiranne.com\/wp-content\/uploads\/2024\/10\/3-CC2-42-1-1024x683.jpg\" alt=\"Jazz &amp; Vignes au Ch\u00e2teau Carqueiranne\" class=\"wp-image-631\" srcset=\"https:\/\/www.chateaucarqueiranne.com\/wp-content\/uploads\/2024\/10\/3-CC2-42-1-1024x683.jpg 1024w, https:\/\/www.chateaucarqueiranne.com\/wp-content\/uploads\/2024\/10\/3-CC2-42-1-300x200.jpg 300w, https:\/\/www.chateaucarqueiranne.com\/wp-content\/uploads\/2024\/10\/3-CC2-42-1-768x512.jpg 768w, https:\/\/www.chateaucarqueiranne.com\/wp-content\/uploads\/2024\/10\/3-CC2-42-1-1536x1024.jpg 1536w, https:\/\/www.chateaucarqueiranne.com\/wp-content\/uploads\/2024\/10\/3-CC2-42-1-2048x1365.jpg 2048w, https:\/\/www.chateaucarqueiranne.com\/wp-content\/uploads\/2024\/10\/3-CC2-42-1-1620x1080.jpg 1620w\" sizes=\"(max-width: 1024px) 100vw, 1024px\" \/><\/figure>\n\n\n\n<p class=\"has-text-align-center\"><br><\/p>\n","protected":false},"excerpt":{"rendered":"<p>Concert priv\u00e9 Boney M au Ch\u00e2teau de Carqueiranne Soir\u00e9e Exclusive au Ch\u00e2teau de Carqueiranne : BONEY M en Concert Priv\u00e9 Vivez une exp\u00e9rience unique au Ch\u00e2teau de Carqueiranne avec un concert priv\u00e9 de BONEY M, ic\u00f4ne de la sc\u00e8ne disco, dans un cadre exceptionnel entre vignes et mer. Red\u00e9couvrez les classiques du groupe, tels que [&hellip;]<\/p>\n","protected":false},"author":1,"featured_media":0,"parent":0,"menu_order":0,"comment_status":"closed","ping_status":"closed","template":"","meta":{"saved_in_kubio":false,"footnotes":""},"class_list":["post-1280","page","type-page","status-publish","hentry"],"kubio_ai_page_context":{"short_desc":"","purpose":"general"},"yoast_head":"<!-- This site is optimized with the Yoast SEO plugin v27.4 - https:\/\/yoast.com\/product\/yoast-seo-wordpress\/ -->\n<title>Concert Prive Boney M au Ch\u00e2teau de Carqueiranne - CH\u00c2TEAU CARQUEIRANNE<\/title>\n<meta name=\"robots\" content=\"index, follow, max-snippet:-1, max-image-preview:large, max-video-preview:-1\" \/>\n<link rel=\"canonical\" href=\"https:\/\/www.chateaucarqueiranne.com\/index.php\/boney-m-au-chateau-de-carqueiranne\/\" \/>\n<meta property=\"og:locale\" content=\"fr_FR\" \/>\n<meta property=\"og:type\" content=\"article\" \/>\n<meta property=\"og:title\" content=\"Concert Prive Boney M au Ch\u00e2teau de Carqueiranne - CH\u00c2TEAU CARQUEIRANNE\" \/>\n<meta property=\"og:description\" content=\"Concert priv\u00e9 Boney M au Ch\u00e2teau de Carqueiranne Soir\u00e9e Exclusive au Ch\u00e2teau de Carqueiranne : BONEY M en Concert Priv\u00e9 Vivez une exp\u00e9rience unique au Ch\u00e2teau de Carqueiranne avec un concert priv\u00e9 de BONEY M, ic\u00f4ne de la sc\u00e8ne disco, dans un cadre exceptionnel entre vignes et mer. Red\u00e9couvrez les classiques du groupe, tels que [&hellip;]\" \/>\n<meta property=\"og:url\" content=\"https:\/\/www.chateaucarqueiranne.com\/index.php\/boney-m-au-chateau-de-carqueiranne\/\" \/>\n<meta property=\"og:site_name\" content=\"CH\u00c2TEAU CARQUEIRANNE\" \/>\n<meta property=\"article:modified_time\" content=\"2025-06-26T10:01:25+00:00\" \/>\n<meta property=\"og:image\" content=\"https:\/\/www.chateaucarqueiranne.com\/wp-content\/uploads\/2024\/10\/3-CC2-42-1-scaled.jpg\" \/>\n\t<meta property=\"og:image:width\" content=\"2560\" \/>\n\t<meta property=\"og:image:height\" content=\"1707\" \/>\n\t<meta property=\"og:image:type\" content=\"image\/jpeg\" \/>\n<meta name=\"twitter:card\" content=\"summary_large_image\" \/>\n<meta name=\"twitter:label1\" content=\"Dur\u00e9e de lecture estim\u00e9e\" \/>\n\t<meta name=\"twitter:data1\" content=\"1 minute\" \/>\n<script type=\"application\/ld+json\" class=\"yoast-schema-graph\">{\"@context\":\"https:\\\/\\\/schema.org\",\"@graph\":[{\"@type\":\"WebPage\",\"@id\":\"https:\\\/\\\/www.chateaucarqueiranne.com\\\/index.php\\\/boney-m-au-chateau-de-carqueiranne\\\/\",\"url\":\"https:\\\/\\\/www.chateaucarqueiranne.com\\\/index.php\\\/boney-m-au-chateau-de-carqueiranne\\\/\",\"name\":\"Concert Prive Boney M au Ch\u00e2teau de Carqueiranne - CH\u00c2TEAU CARQUEIRANNE\",\"isPartOf\":{\"@id\":\"https:\\\/\\\/www.chateaucarqueiranne.com\\\/#website\"},\"primaryImageOfPage\":{\"@id\":\"https:\\\/\\\/www.chateaucarqueiranne.com\\\/index.php\\\/boney-m-au-chateau-de-carqueiranne\\\/#primaryimage\"},\"image\":{\"@id\":\"https:\\\/\\\/www.chateaucarqueiranne.com\\\/index.php\\\/boney-m-au-chateau-de-carqueiranne\\\/#primaryimage\"},\"thumbnailUrl\":\"http:\\\/\\\/www.chateaucarqueiranne.com\\\/wp-content\\\/uploads\\\/2024\\\/10\\\/3-CC2-42-1-1024x683.jpg\",\"datePublished\":\"2025-05-08T09:47:51+00:00\",\"dateModified\":\"2025-06-26T10:01:25+00:00\",\"breadcrumb\":{\"@id\":\"https:\\\/\\\/www.chateaucarqueiranne.com\\\/index.php\\\/boney-m-au-chateau-de-carqueiranne\\\/#breadcrumb\"},\"inLanguage\":\"fr-FR\",\"potentialAction\":[{\"@type\":\"ReadAction\",\"target\":[\"https:\\\/\\\/www.chateaucarqueiranne.com\\\/index.php\\\/boney-m-au-chateau-de-carqueiranne\\\/\"]}]},{\"@type\":\"ImageObject\",\"inLanguage\":\"fr-FR\",\"@id\":\"https:\\\/\\\/www.chateaucarqueiranne.com\\\/index.php\\\/boney-m-au-chateau-de-carqueiranne\\\/#primaryimage\",\"url\":\"https:\\\/\\\/www.chateaucarqueiranne.com\\\/wp-content\\\/uploads\\\/2024\\\/10\\\/3-CC2-42-1-scaled.jpg\",\"contentUrl\":\"https:\\\/\\\/www.chateaucarqueiranne.com\\\/wp-content\\\/uploads\\\/2024\\\/10\\\/3-CC2-42-1-scaled.jpg\",\"width\":2560,\"height\":1707,\"caption\":\"Jazz & Vignes au Ch\u00e2teau Carqueiranne\"},{\"@type\":\"BreadcrumbList\",\"@id\":\"https:\\\/\\\/www.chateaucarqueiranne.com\\\/index.php\\\/boney-m-au-chateau-de-carqueiranne\\\/#breadcrumb\",\"itemListElement\":[{\"@type\":\"ListItem\",\"position\":1,\"name\":\"Accueil\",\"item\":\"https:\\\/\\\/www.chateaucarqueiranne.com\\\/\"},{\"@type\":\"ListItem\",\"position\":2,\"name\":\"Concert Prive Boney M au Ch\u00e2teau de Carqueiranne\"}]},{\"@type\":\"WebSite\",\"@id\":\"https:\\\/\\\/www.chateaucarqueiranne.com\\\/#website\",\"url\":\"https:\\\/\\\/www.chateaucarqueiranne.com\\\/\",\"name\":\"CH\u00c2TEAU CARQUEIRANNE\",\"description\":\"C\u00f4tes de Provence  \",\"publisher\":{\"@id\":\"https:\\\/\\\/www.chateaucarqueiranne.com\\\/#organization\"},\"potentialAction\":[{\"@type\":\"SearchAction\",\"target\":{\"@type\":\"EntryPoint\",\"urlTemplate\":\"https:\\\/\\\/www.chateaucarqueiranne.com\\\/?s={search_term_string}\"},\"query-input\":{\"@type\":\"PropertyValueSpecification\",\"valueRequired\":true,\"valueName\":\"search_term_string\"}}],\"inLanguage\":\"fr-FR\"},{\"@type\":\"Organization\",\"@id\":\"https:\\\/\\\/www.chateaucarqueiranne.com\\\/#organization\",\"name\":\"CH\u00c2TEAU CARQUEIRANNE\",\"url\":\"https:\\\/\\\/www.chateaucarqueiranne.com\\\/\",\"logo\":{\"@type\":\"ImageObject\",\"inLanguage\":\"fr-FR\",\"@id\":\"https:\\\/\\\/www.chateaucarqueiranne.com\\\/#\\\/schema\\\/logo\\\/image\\\/\",\"url\":\"https:\\\/\\\/www.chateaucarqueiranne.com\\\/wp-content\\\/uploads\\\/2024\\\/05\\\/Typo-Chateau-Sans-fond-1-e1715849615235.png\",\"contentUrl\":\"https:\\\/\\\/www.chateaucarqueiranne.com\\\/wp-content\\\/uploads\\\/2024\\\/05\\\/Typo-Chateau-Sans-fond-1-e1715849615235.png\",\"width\":1890,\"height\":592,\"caption\":\"CH\u00c2TEAU CARQUEIRANNE\"},\"image\":{\"@id\":\"https:\\\/\\\/www.chateaucarqueiranne.com\\\/#\\\/schema\\\/logo\\\/image\\\/\"}}]}<\/script>\n<!-- \/ Yoast SEO plugin. -->","yoast_head_json":{"title":"Concert Prive Boney M au Ch\u00e2teau de Carqueiranne - CH\u00c2TEAU CARQUEIRANNE","robots":{"index":"index","follow":"follow","max-snippet":"max-snippet:-1","max-image-preview":"max-image-preview:large","max-video-preview":"max-video-preview:-1"},"canonical":"https:\/\/www.chateaucarqueiranne.com\/index.php\/boney-m-au-chateau-de-carqueiranne\/","og_locale":"fr_FR","og_type":"article","og_title":"Concert Prive Boney M au Ch\u00e2teau de Carqueiranne - CH\u00c2TEAU CARQUEIRANNE","og_description":"Concert priv\u00e9 Boney M au Ch\u00e2teau de Carqueiranne Soir\u00e9e Exclusive au Ch\u00e2teau de Carqueiranne : BONEY M en Concert Priv\u00e9 Vivez une exp\u00e9rience unique au Ch\u00e2teau de Carqueiranne avec un concert priv\u00e9 de BONEY M, ic\u00f4ne de la sc\u00e8ne disco, dans un cadre exceptionnel entre vignes et mer. Red\u00e9couvrez les classiques du groupe, tels que [&hellip;]","og_url":"https:\/\/www.chateaucarqueiranne.com\/index.php\/boney-m-au-chateau-de-carqueiranne\/","og_site_name":"CH\u00c2TEAU CARQUEIRANNE","article_modified_time":"2025-06-26T10:01:25+00:00","og_image":[{"width":2560,"height":1707,"url":"https:\/\/www.chateaucarqueiranne.com\/wp-content\/uploads\/2024\/10\/3-CC2-42-1-scaled.jpg","type":"image\/jpeg"}],"twitter_card":"summary_large_image","twitter_misc":{"Dur\u00e9e de lecture estim\u00e9e":"1 minute"},"schema":{"@context":"https:\/\/schema.org","@graph":[{"@type":"WebPage","@id":"https:\/\/www.chateaucarqueiranne.com\/index.php\/boney-m-au-chateau-de-carqueiranne\/","url":"https:\/\/www.chateaucarqueiranne.com\/index.php\/boney-m-au-chateau-de-carqueiranne\/","name":"Concert Prive Boney M au Ch\u00e2teau de Carqueiranne - CH\u00c2TEAU CARQUEIRANNE","isPartOf":{"@id":"https:\/\/www.chateaucarqueiranne.com\/#website"},"primaryImageOfPage":{"@id":"https:\/\/www.chateaucarqueiranne.com\/index.php\/boney-m-au-chateau-de-carqueiranne\/#primaryimage"},"image":{"@id":"https:\/\/www.chateaucarqueiranne.com\/index.php\/boney-m-au-chateau-de-carqueiranne\/#primaryimage"},"thumbnailUrl":"http:\/\/www.chateaucarqueiranne.com\/wp-content\/uploads\/2024\/10\/3-CC2-42-1-1024x683.jpg","datePublished":"2025-05-08T09:47:51+00:00","dateModified":"2025-06-26T10:01:25+00:00","breadcrumb":{"@id":"https:\/\/www.chateaucarqueiranne.com\/index.php\/boney-m-au-chateau-de-carqueiranne\/#breadcrumb"},"inLanguage":"fr-FR","potentialAction":[{"@type":"ReadAction","target":["https:\/\/www.chateaucarqueiranne.com\/index.php\/boney-m-au-chateau-de-carqueiranne\/"]}]},{"@type":"ImageObject","inLanguage":"fr-FR","@id":"https:\/\/www.chateaucarqueiranne.com\/index.php\/boney-m-au-chateau-de-carqueiranne\/#primaryimage","url":"https:\/\/www.chateaucarqueiranne.com\/wp-content\/uploads\/2024\/10\/3-CC2-42-1-scaled.jpg","contentUrl":"https:\/\/www.chateaucarqueiranne.com\/wp-content\/uploads\/2024\/10\/3-CC2-42-1-scaled.jpg","width":2560,"height":1707,"caption":"Jazz & Vignes au Ch\u00e2teau Carqueiranne"},{"@type":"BreadcrumbList","@id":"https:\/\/www.chateaucarqueiranne.com\/index.php\/boney-m-au-chateau-de-carqueiranne\/#breadcrumb","itemListElement":[{"@type":"ListItem","position":1,"name":"Accueil","item":"https:\/\/www.chateaucarqueiranne.com\/"},{"@type":"ListItem","position":2,"name":"Concert Prive Boney M au Ch\u00e2teau de Carqueiranne"}]},{"@type":"WebSite","@id":"https:\/\/www.chateaucarqueiranne.com\/#website","url":"https:\/\/www.chateaucarqueiranne.com\/","name":"CH\u00c2TEAU CARQUEIRANNE","description":"C\u00f4tes de Provence  ","publisher":{"@id":"https:\/\/www.chateaucarqueiranne.com\/#organization"},"potentialAction":[{"@type":"SearchAction","target":{"@type":"EntryPoint","urlTemplate":"https:\/\/www.chateaucarqueiranne.com\/?s={search_term_string}"},"query-input":{"@type":"PropertyValueSpecification","valueRequired":true,"valueName":"search_term_string"}}],"inLanguage":"fr-FR"},{"@type":"Organization","@id":"https:\/\/www.chateaucarqueiranne.com\/#organization","name":"CH\u00c2TEAU CARQUEIRANNE","url":"https:\/\/www.chateaucarqueiranne.com\/","logo":{"@type":"ImageObject","inLanguage":"fr-FR","@id":"https:\/\/www.chateaucarqueiranne.com\/#\/schema\/logo\/image\/","url":"https:\/\/www.chateaucarqueiranne.com\/wp-content\/uploads\/2024\/05\/Typo-Chateau-Sans-fond-1-e1715849615235.png","contentUrl":"https:\/\/www.chateaucarqueiranne.com\/wp-content\/uploads\/2024\/05\/Typo-Chateau-Sans-fond-1-e1715849615235.png","width":1890,"height":592,"caption":"CH\u00c2TEAU CARQUEIRANNE"},"image":{"@id":"https:\/\/www.chateaucarqueiranne.com\/#\/schema\/logo\/image\/"}}]}},"_links":{"self":[{"href":"https:\/\/www.chateaucarqueiranne.com\/index.php\/wp-json\/wp\/v2\/pages\/1280","targetHints":{"allow":["GET"]}}],"collection":[{"href":"https:\/\/www.chateaucarqueiranne.com\/index.php\/wp-json\/wp\/v2\/pages"}],"about":[{"href":"https:\/\/www.chateaucarqueiranne.com\/index.php\/wp-json\/wp\/v2\/types\/page"}],"author":[{"embeddable":true,"href":"https:\/\/www.chateaucarqueiranne.com\/index.php\/wp-json\/wp\/v2\/users\/1"}],"replies":[{"embeddable":true,"href":"https:\/\/www.chateaucarqueiranne.com\/index.php\/wp-json\/wp\/v2\/comments?post=1280"}],"version-history":[{"count":16,"href":"https:\/\/www.chateaucarqueiranne.com\/index.php\/wp-json\/wp\/v2\/pages\/1280\/revisions"}],"predecessor-version":[{"id":1917,"href":"https:\/\/www.chateaucarqueiranne.com\/index.php\/wp-json\/wp\/v2\/pages\/1280\/revisions\/1917"}],"wp:attachment":[{"href":"https:\/\/www.chateaucarqueiranne.com\/index.php\/wp-json\/wp\/v2\/media?parent=1280"}],"curies":[{"name":"wp","href":"https:\/\/api.w.org\/{rel}","templated":true}]}}