{"id":1277,"date":"2025-05-08T09:59:18","date_gmt":"2025-05-08T07:59:18","guid":{"rendered":"https:\/\/www.chateaucarqueiranne.com\/?page_id=1277"},"modified":"2026-02-12T20:58:13","modified_gmt":"2026-02-12T19:58:13","slug":"festival-de-piano-au-chateau-carqueiranne","status":"publish","type":"page","link":"https:\/\/www.chateaucarqueiranne.com\/index.php\/festival-de-piano-au-chateau-carqueiranne\/","title":{"rendered":"Festival de Piano au Ch\u00e2teau Carqueiranne"},"content":{"rendered":"\n<div class=\"wp-block-buttons is-content-justification-right is-layout-flex wp-container-core-buttons-is-layout-d445cf74 wp-block-buttons-is-layout-flex\">\n<div class=\"wp-block-button is-style-outline is-style-outline--1\"><a class=\"wp-block-button__link wp-element-button\" href=\"https:\/\/www.chateaucarqueiranne.com\/index.php\/piano-festival-at-chateau-carqueiranne\/\">EN \ud83c\uddfa\ud83c\uddf8<\/a><\/div>\n\n\n\n<div class=\"wp-block-button is-style-outline is-style-outline--2\"><a class=\"wp-block-button__link wp-element-button\" href=\"https:\/\/www.chateaucarqueiranne.com\/index.php\/klavierfestival-de\/\">DE \ud83c\udde9\ud83c\uddea<\/a><\/div>\n<\/div>\n\n\n\n<h2 class=\"wp-block-heading has-text-align-center\">Festival de Piano au Ch\u00e2teau Carqueiranne<\/h2>\n\n\n\n\n\n\n\n<p>C\u2019est l\u2019occasion de <strong>sortir votre plus belle tenue de soir\u00e9e<\/strong> car, en mai, le <strong>Ch\u00e2teau Carqueiranne<\/strong> vous ouvre ses portes pour le Festival de Piano, alliant virtuosit\u00e9, patrimoine et art de vivre.<\/p>\n\n\n\n<p>Au c\u0153ur des vignes et face \u00e0 la mer, le <strong>Festival de Piano<\/strong> propose une soir\u00e9e raffin\u00e9e o\u00f9 la musique s\u2019accorde \u00e0 l\u2019\u00e9l\u00e9gance du vin. Un pianiste de talent interpr\u00e9tera en plein air des \u0153uvres classiques et contemporaines, dans une ambiance intime et captivante.<\/p>\n\n\n\n<p>Tout au long de la soir\u00e9e, vous pourrez savourer nos <strong>cuv\u00e9es LAMOUR et Ch\u00e2teau Carqueiranne<\/strong>, accompagn\u00e9es d\u2019accords mets &amp; vins imagin\u00e9s par notre atelier traiteur.<\/p>\n\n\n\n\n\n<p>Un <strong>v\u00e9ritable piano \u00e0 queue<\/strong> accompagne l\u2019artiste, offrant toute la richesse et la profondeur d\u2019un instrument de concert. Ses nuances subtiles dialoguent avec le lieu, invitant chaque note \u00e0 r\u00e9sonner avec sinc\u00e9rit\u00e9 et \u00e9motion.<\/p>\n\n\n\n<p>Face \u00e0 la chapelle, une <strong>v\u00e9ritable sc\u00e8ne<\/strong> accueille la performance dans un cadre \u00e0 la fois simple et majestueux. Sous le ciel ouvert, entour\u00e9e de nature et d\u2019histoire, la musique trouve son \u00e9crin et l\u2019instant devient magique.<\/p>\n\n\n\n<p>R\u00e9servez votre soir\u00e9e d\u00e8s maintenant et restez connect\u00e9s pour d\u00e9couvrir toutes les surprises qui vous attendent cet \u00e9t\u00e9 au Ch\u00e2teau Carqueiranne.<\/p>\n\n\n\n<div class=\"wp-block-buttons is-layout-flex wp-block-buttons-is-layout-flex\">\n<div class=\"wp-block-button is-style-outline is-style-outline--3\"><a class=\"wp-block-button__link wp-element-button\" href=\"https:\/\/www.eventbrite.fr\/e\/1982969981595?aff=oddtdtcreator\" target=\"_blank\" rel=\"noreferrer noopener\">R\u00e9servez maintenant pour le 15 mai 2026<\/a><\/div>\n<\/div>\n\n\n\n<div class=\"wp-block-buttons is-layout-flex wp-block-buttons-is-layout-flex\">\n<div class=\"wp-block-button is-style-outline is-style-outline--4\"><a class=\"wp-block-button__link wp-element-button\" href=\"https:\/\/www.eventbrite.fr\/e\/1982972759905?aff=oddtdtcreator\">R\u00e9servez maintenant pour le 16 mai 2026<\/a><\/div>\n<\/div>\n\n\n","protected":false},"excerpt":{"rendered":"<p>Festival de Piano au Ch\u00e2teau Carqueiranne C\u2019est l\u2019occasion de sortir votre plus belle tenue de soir\u00e9e car, en mai, le Ch\u00e2teau Carqueiranne vous ouvre ses portes pour le Festival de Piano, alliant virtuosit\u00e9, patrimoine et art de vivre. Au c\u0153ur des vignes et face \u00e0 la mer, le Festival de Piano propose une soir\u00e9e raffin\u00e9e [&hellip;]<\/p>\n","protected":false},"author":1,"featured_media":0,"parent":0,"menu_order":0,"comment_status":"closed","ping_status":"closed","template":"","meta":{"saved_in_kubio":false,"footnotes":""},"class_list":["post-1277","page","type-page","status-publish","hentry"],"kubio_ai_page_context":{"short_desc":"","purpose":"general"},"yoast_head":"<!-- This site is optimized with the Yoast SEO plugin v27.2 - https:\/\/yoast.com\/product\/yoast-seo-wordpress\/ -->\n<title>Festival de Piano au Ch\u00e2teau Carqueiranne - CH\u00c2TEAU CARQUEIRANNE<\/title>\n<meta name=\"robots\" content=\"index, follow, max-snippet:-1, max-image-preview:large, max-video-preview:-1\" \/>\n<link rel=\"canonical\" href=\"https:\/\/www.chateaucarqueiranne.com\/index.php\/festival-de-piano-au-chateau-carqueiranne\/\" \/>\n<meta property=\"og:locale\" content=\"fr_FR\" \/>\n<meta property=\"og:type\" content=\"article\" \/>\n<meta property=\"og:title\" content=\"Festival de Piano au Ch\u00e2teau Carqueiranne - CH\u00c2TEAU CARQUEIRANNE\" \/>\n<meta property=\"og:description\" content=\"Festival de Piano au Ch\u00e2teau Carqueiranne C\u2019est l\u2019occasion de sortir votre plus belle tenue de soir\u00e9e car, en mai, le Ch\u00e2teau Carqueiranne vous ouvre ses portes pour le Festival de Piano, alliant virtuosit\u00e9, patrimoine et art de vivre. Au c\u0153ur des vignes et face \u00e0 la mer, le Festival de Piano propose une soir\u00e9e raffin\u00e9e [&hellip;]\" \/>\n<meta property=\"og:url\" content=\"https:\/\/www.chateaucarqueiranne.com\/index.php\/festival-de-piano-au-chateau-carqueiranne\/\" \/>\n<meta property=\"og:site_name\" content=\"CH\u00c2TEAU CARQUEIRANNE\" \/>\n<meta property=\"article:modified_time\" content=\"2026-02-12T19:58:13+00:00\" \/>\n<meta name=\"twitter:card\" content=\"summary_large_image\" \/>\n<meta name=\"twitter:label1\" content=\"Dur\u00e9e de lecture estim\u00e9e\" \/>\n\t<meta name=\"twitter:data1\" content=\"2 minutes\" \/>\n<script type=\"application\/ld+json\" class=\"yoast-schema-graph\">{\"@context\":\"https:\/\/schema.org\",\"@graph\":[{\"@type\":\"WebPage\",\"@id\":\"https:\/\/www.chateaucarqueiranne.com\/index.php\/festival-de-piano-au-chateau-carqueiranne\/\",\"url\":\"https:\/\/www.chateaucarqueiranne.com\/index.php\/festival-de-piano-au-chateau-carqueiranne\/\",\"name\":\"Festival de Piano au Ch\u00e2teau Carqueiranne - CH\u00c2TEAU CARQUEIRANNE\",\"isPartOf\":{\"@id\":\"https:\/\/www.chateaucarqueiranne.com\/#website\"},\"datePublished\":\"2025-05-08T07:59:18+00:00\",\"dateModified\":\"2026-02-12T19:58:13+00:00\",\"breadcrumb\":{\"@id\":\"https:\/\/www.chateaucarqueiranne.com\/index.php\/festival-de-piano-au-chateau-carqueiranne\/#breadcrumb\"},\"inLanguage\":\"fr-FR\",\"potentialAction\":[{\"@type\":\"ReadAction\",\"target\":[\"https:\/\/www.chateaucarqueiranne.com\/index.php\/festival-de-piano-au-chateau-carqueiranne\/\"]}]},{\"@type\":\"BreadcrumbList\",\"@id\":\"https:\/\/www.chateaucarqueiranne.com\/index.php\/festival-de-piano-au-chateau-carqueiranne\/#breadcrumb\",\"itemListElement\":[{\"@type\":\"ListItem\",\"position\":1,\"name\":\"Accueil\",\"item\":\"https:\/\/www.chateaucarqueiranne.com\/\"},{\"@type\":\"ListItem\",\"position\":2,\"name\":\"Festival de Piano au Ch\u00e2teau Carqueiranne\"}]},{\"@type\":\"WebSite\",\"@id\":\"https:\/\/www.chateaucarqueiranne.com\/#website\",\"url\":\"https:\/\/www.chateaucarqueiranne.com\/\",\"name\":\"CH\u00c2TEAU CARQUEIRANNE\",\"description\":\"C\u00f4tes de Provence  \",\"publisher\":{\"@id\":\"https:\/\/www.chateaucarqueiranne.com\/#organization\"},\"potentialAction\":[{\"@type\":\"SearchAction\",\"target\":{\"@type\":\"EntryPoint\",\"urlTemplate\":\"https:\/\/www.chateaucarqueiranne.com\/?s={search_term_string}\"},\"query-input\":{\"@type\":\"PropertyValueSpecification\",\"valueRequired\":true,\"valueName\":\"search_term_string\"}}],\"inLanguage\":\"fr-FR\"},{\"@type\":\"Organization\",\"@id\":\"https:\/\/www.chateaucarqueiranne.com\/#organization\",\"name\":\"CH\u00c2TEAU CARQUEIRANNE\",\"url\":\"https:\/\/www.chateaucarqueiranne.com\/\",\"logo\":{\"@type\":\"ImageObject\",\"inLanguage\":\"fr-FR\",\"@id\":\"https:\/\/www.chateaucarqueiranne.com\/#\/schema\/logo\/image\/\",\"url\":\"https:\/\/www.chateaucarqueiranne.com\/wp-content\/uploads\/2024\/05\/Typo-Chateau-Sans-fond-1-e1715849615235.png\",\"contentUrl\":\"https:\/\/www.chateaucarqueiranne.com\/wp-content\/uploads\/2024\/05\/Typo-Chateau-Sans-fond-1-e1715849615235.png\",\"width\":1890,\"height\":592,\"caption\":\"CH\u00c2TEAU CARQUEIRANNE\"},\"image\":{\"@id\":\"https:\/\/www.chateaucarqueiranne.com\/#\/schema\/logo\/image\/\"}}]}<\/script>\n<!-- \/ Yoast SEO plugin. -->","yoast_head_json":{"title":"Festival de Piano au Ch\u00e2teau Carqueiranne - CH\u00c2TEAU CARQUEIRANNE","robots":{"index":"index","follow":"follow","max-snippet":"max-snippet:-1","max-image-preview":"max-image-preview:large","max-video-preview":"max-video-preview:-1"},"canonical":"https:\/\/www.chateaucarqueiranne.com\/index.php\/festival-de-piano-au-chateau-carqueiranne\/","og_locale":"fr_FR","og_type":"article","og_title":"Festival de Piano au Ch\u00e2teau Carqueiranne - CH\u00c2TEAU CARQUEIRANNE","og_description":"Festival de Piano au Ch\u00e2teau Carqueiranne C\u2019est l\u2019occasion de sortir votre plus belle tenue de soir\u00e9e car, en mai, le Ch\u00e2teau Carqueiranne vous ouvre ses portes pour le Festival de Piano, alliant virtuosit\u00e9, patrimoine et art de vivre. Au c\u0153ur des vignes et face \u00e0 la mer, le Festival de Piano propose une soir\u00e9e raffin\u00e9e [&hellip;]","og_url":"https:\/\/www.chateaucarqueiranne.com\/index.php\/festival-de-piano-au-chateau-carqueiranne\/","og_site_name":"CH\u00c2TEAU CARQUEIRANNE","article_modified_time":"2026-02-12T19:58:13+00:00","twitter_card":"summary_large_image","twitter_misc":{"Dur\u00e9e de lecture estim\u00e9e":"2 minutes"},"schema":{"@context":"https:\/\/schema.org","@graph":[{"@type":"WebPage","@id":"https:\/\/www.chateaucarqueiranne.com\/index.php\/festival-de-piano-au-chateau-carqueiranne\/","url":"https:\/\/www.chateaucarqueiranne.com\/index.php\/festival-de-piano-au-chateau-carqueiranne\/","name":"Festival de Piano au Ch\u00e2teau Carqueiranne - CH\u00c2TEAU CARQUEIRANNE","isPartOf":{"@id":"https:\/\/www.chateaucarqueiranne.com\/#website"},"datePublished":"2025-05-08T07:59:18+00:00","dateModified":"2026-02-12T19:58:13+00:00","breadcrumb":{"@id":"https:\/\/www.chateaucarqueiranne.com\/index.php\/festival-de-piano-au-chateau-carqueiranne\/#breadcrumb"},"inLanguage":"fr-FR","potentialAction":[{"@type":"ReadAction","target":["https:\/\/www.chateaucarqueiranne.com\/index.php\/festival-de-piano-au-chateau-carqueiranne\/"]}]},{"@type":"BreadcrumbList","@id":"https:\/\/www.chateaucarqueiranne.com\/index.php\/festival-de-piano-au-chateau-carqueiranne\/#breadcrumb","itemListElement":[{"@type":"ListItem","position":1,"name":"Accueil","item":"https:\/\/www.chateaucarqueiranne.com\/"},{"@type":"ListItem","position":2,"name":"Festival de Piano au Ch\u00e2teau Carqueiranne"}]},{"@type":"WebSite","@id":"https:\/\/www.chateaucarqueiranne.com\/#website","url":"https:\/\/www.chateaucarqueiranne.com\/","name":"CH\u00c2TEAU CARQUEIRANNE","description":"C\u00f4tes de Provence  ","publisher":{"@id":"https:\/\/www.chateaucarqueiranne.com\/#organization"},"potentialAction":[{"@type":"SearchAction","target":{"@type":"EntryPoint","urlTemplate":"https:\/\/www.chateaucarqueiranne.com\/?s={search_term_string}"},"query-input":{"@type":"PropertyValueSpecification","valueRequired":true,"valueName":"search_term_string"}}],"inLanguage":"fr-FR"},{"@type":"Organization","@id":"https:\/\/www.chateaucarqueiranne.com\/#organization","name":"CH\u00c2TEAU CARQUEIRANNE","url":"https:\/\/www.chateaucarqueiranne.com\/","logo":{"@type":"ImageObject","inLanguage":"fr-FR","@id":"https:\/\/www.chateaucarqueiranne.com\/#\/schema\/logo\/image\/","url":"https:\/\/www.chateaucarqueiranne.com\/wp-content\/uploads\/2024\/05\/Typo-Chateau-Sans-fond-1-e1715849615235.png","contentUrl":"https:\/\/www.chateaucarqueiranne.com\/wp-content\/uploads\/2024\/05\/Typo-Chateau-Sans-fond-1-e1715849615235.png","width":1890,"height":592,"caption":"CH\u00c2TEAU CARQUEIRANNE"},"image":{"@id":"https:\/\/www.chateaucarqueiranne.com\/#\/schema\/logo\/image\/"}}]}},"_links":{"self":[{"href":"https:\/\/www.chateaucarqueiranne.com\/index.php\/wp-json\/wp\/v2\/pages\/1277","targetHints":{"allow":["GET"]}}],"collection":[{"href":"https:\/\/www.chateaucarqueiranne.com\/index.php\/wp-json\/wp\/v2\/pages"}],"about":[{"href":"https:\/\/www.chateaucarqueiranne.com\/index.php\/wp-json\/wp\/v2\/types\/page"}],"author":[{"embeddable":true,"href":"https:\/\/www.chateaucarqueiranne.com\/index.php\/wp-json\/wp\/v2\/users\/1"}],"replies":[{"embeddable":true,"href":"https:\/\/www.chateaucarqueiranne.com\/index.php\/wp-json\/wp\/v2\/comments?post=1277"}],"version-history":[{"count":24,"href":"https:\/\/www.chateaucarqueiranne.com\/index.php\/wp-json\/wp\/v2\/pages\/1277\/revisions"}],"predecessor-version":[{"id":2292,"href":"https:\/\/www.chateaucarqueiranne.com\/index.php\/wp-json\/wp\/v2\/pages\/1277\/revisions\/2292"}],"wp:attachment":[{"href":"https:\/\/www.chateaucarqueiranne.com\/index.php\/wp-json\/wp\/v2\/media?parent=1277"}],"curies":[{"name":"wp","href":"https:\/\/api.w.org\/{rel}","templated":true}]}}